{"id":66,"date":"2021-08-15T08:57:25","date_gmt":"2021-08-15T06:57:25","guid":{"rendered":"https:\/\/iefdessavoie.fr\/?page_id=66"},"modified":"2021-08-15T08:57:25","modified_gmt":"2021-08-15T06:57:25","slug":"socle-commun-de-connaissances","status":"publish","type":"page","link":"https:\/\/iefdessavoie.fr\/index.php\/socle-commun-de-connaissances\/","title":{"rendered":"Socle commun de connaissances"},"content":{"rendered":"\n<p>Le socle commun a pour objet d\u2019amener l\u2019enfant, \u00e0 l\u2019issue de la p\u00e9riode de l\u2019instruction obligatoire, \u00e0 la ma\u00eetrise de l\u2019ensemble des exigences du socle commun. Il a \u00e9t\u00e9 modifi\u00e9 par le <a href=\"http:\/\/www.education.gouv.fr\/pid25535\/bulletin_officiel.html?cid_bo=87834\" target=\"_blank\" rel=\"noreferrer noopener\">d\u00e9cret n\u00b02015-372 du 31 mars 2015<\/a>. Le nouveau <a href=\"http:\/\/www.education.gouv.fr\/pid25535\/bulletin_officiel.html?cid_bo=87834#socle_\" target=\"_blank\" rel=\"noreferrer noopener\">socle commun<\/a> de connaissances, de comp\u00e9tences et de culture est entr\u00e9 en vigueur \u00e0 la rentr\u00e9e scolaire 2016.<\/p>\n\n\n\n<p>De plus, le nouveau d\u00e9cret n\u00b02016-1452 du 28 octobre 2016 apporte principalement des changements sur l\u2019\u00e2ge o\u00f9 l\u2019enfant \u00e9tait cens\u00e9 avoir acquis le socle commun. Dor\u00e9navant, le socle commun est \u00e9valu\u00e9 \u00e0 chaque fin de cycle d\u2019enseignement de la scolarit\u00e9 obligatoire (et non plus aux 16 ans de l\u2019enfant comme c\u2019\u00e9tait le cas auparavant).<\/p>\n\n\n\n<p>Le socle commun se compose de\u00a0<a href=\"https:\/\/drive.google.com\/file\/d\/0B6VFUN21Q2vpWFBsU3lpWEZWV3M\/view?usp=sharing&amp;resourcekey=0-_xwUxlj_FmQtzGXZEMjD4A\" target=\"_blank\" rel=\"noreferrer noopener\">cinq domaines\u00a0<\/a> de formation qui d\u00e9finissent les grands enjeux de formation durant la scolarit\u00e9 obligatoire.<\/p>\n\n\n\n<p>B\u00e9n\u00e9dicte Dubois (Responsable du p\u00f4le \u00e9ducation inclusive IFP Nord-Pas-de-Calais) a r\u00e9alis\u00e9 un document de synth\u00e8se sur les nouveaux programmes en fonction de chaque cycle :<\/p>\n\n\n\n<p>Programme du\u00a0<a href=\"https:\/\/drive.google.com\/file\/d\/0B6VFUN21Q2vpYS01eGpCSXY3Nlk\/view?usp=sharing&amp;resourcekey=0-mo5D5LCZkgb3VK-aRefD_Q\" target=\"_blank\" rel=\"noreferrer noopener\">cycle 2<\/a>\u00a0 (cycle des apprentissages fondamentaux : CP, CE1, CE2)<\/p>\n\n\n\n<p>Programme du\u00a0<a href=\"https:\/\/drive.google.com\/file\/d\/0B6VFUN21Q2vpT2JfMW4wSE96SEU\/view?usp=sharing&amp;resourcekey=0--uKsfdH-K43hWzgVSamS6g\" target=\"_blank\" rel=\"noreferrer noopener\">cycle <\/a><a rel=\"noreferrer noopener\" href=\"\/\" target=\"_blank\">3<\/a> (cycle de consolidation : CM1, CM2, 6\u00e8me)<\/p>\n\n\n\n<p>Programme du\u00a0<a href=\"https:\/\/drive.google.com\/file\/d\/0B6VFUN21Q2vpMWE5QWQ4cm5nTEE\/view?usp=sharing&amp;resourcekey=0-Z674sNg6k6SSxYB7Pr8SHw\" target=\"_blank\" rel=\"noreferrer noopener\">cycle <\/a><a rel=\"noreferrer noopener\" href=\"\/\" target=\"_blank\">4<\/a> (cycle des approfondissements : 5\u00e8me, 4\u00e8me, 3\u00e8me)<\/p>\n\n\n\n<p>Suite \u00e0 la nouvelle <a href=\"https:\/\/www.legifrance.gouv.fr\/affichTexte.do;jsessionid=C4DDA225293DDCBD1C8277FE08DE88D4.tplgfr29s_3?cidTexte=JORFTEXT000038829065&amp;dateTexte=&amp;oldAction=rechJO&amp;categorieLien=id&amp;idJO=JORFCONT000038829057\" target=\"_blank\" rel=\"noreferrer noopener\">loi n\u00b02019-791<\/a> \u00e9cole de la confiance du 26 juillet 2019 et du <a href=\"https:\/\/www.legifrance.gouv.fr\/affichTexte.do?cidTexte=JORFTEXT000038874595&amp;categorieLien=id\" target=\"_blank\" rel=\"noreferrer noopener\">D\u00e9cret n\u00b0 2019-823<\/a> du 02 ao\u00fbt 2019, l\u2019instruction obligatoire concerne dor\u00e9navant les enfants \u00e0 partir de<strong> 3 ans<\/strong>.<\/p>\n\n\n\n<p>Pour <strong>le cycle 1<\/strong> vous pouvez vous r\u00e9f\u00e9rez \u00e0 la <a href=\"https:\/\/drive.google.com\/file\/d\/1rneFPxmr_ueUgmJJRqzvXVoudFUrTziY\/view?usp=sharing\" target=\"_blank\" rel=\"noreferrer noopener\">synth\u00e8se des acquis de fin de grande section.<\/a><\/p>\n\n\n\n<p>Vous pouvez aussi consulter les programmes d\u2019enseignement de chaque cycle sur le site du Bulletin Officiel:<\/p>\n\n\n\n<p><a href=\"http:\/\/www.education.gouv.fr\/pid285\/bulletin_officiel.html?cid_bo=94753\" target=\"_blank\" rel=\"noreferrer noopener\">cycle 2<\/a><\/p>\n\n\n\n<p><a href=\"http:\/\/www.education.gouv.fr\/pid285\/bulletin_officiel.html?cid_bo=94708\" target=\"_blank\" rel=\"noreferrer noopener\">cycle 3<\/a><\/p>\n\n\n\n<p><a href=\"http:\/\/www.education.gouv.fr\/pid285\/bulletin_officiel.html?cid_bo=94717\" target=\"_blank\" rel=\"noreferrer noopener\">cycle 4<\/a><\/p>\n","protected":false},"excerpt":{"rendered":"<p>Le socle commun a pour objet d\u2019amener l\u2019enfant, \u00e0 l\u2019issue de la p\u00e9riode de l\u2019instruction obligatoire, \u00e0 la ma\u00eetrise de l\u2019ensemble des exigences du socle commun. Il a \u00e9t\u00e9 modifi\u00e9 par le d\u00e9cret n\u00b02015-372 du 31 mars 2015. Le nouveau socle commun de connaissances, de comp\u00e9tences et de culture est entr\u00e9 en vigueur \u00e0 la&#8230;<\/p>\n","protected":false},"author":2,"featured_media":0,"parent":0,"menu_order":0,"comment_status":"closed","ping_status":"closed","template":"nosidebar.php","meta":{"footnotes":""},"class_list":["post-66","page","type-page","status-publish","hentry"],"jetpack_sharing_enabled":true,"_links":{"self":[{"href":"https:\/\/iefdessavoie.fr\/index.php\/wp-json\/wp\/v2\/pages\/66","targetHints":{"allow":["GET"]}}],"collection":[{"href":"https:\/\/iefdessavoie.fr\/index.php\/wp-json\/wp\/v2\/pages"}],"about":[{"href":"https:\/\/iefdessavoie.fr\/index.php\/wp-json\/wp\/v2\/types\/page"}],"author":[{"embeddable":true,"href":"https:\/\/iefdessavoie.fr\/index.php\/wp-json\/wp\/v2\/users\/2"}],"replies":[{"embeddable":true,"href":"https:\/\/iefdessavoie.fr\/index.php\/wp-json\/wp\/v2\/comments?post=66"}],"version-history":[{"count":0,"href":"https:\/\/iefdessavoie.fr\/index.php\/wp-json\/wp\/v2\/pages\/66\/revisions"}],"wp:attachment":[{"href":"https:\/\/iefdessavoie.fr\/index.php\/wp-json\/wp\/v2\/media?parent=66"}],"curies":[{"name":"wp","href":"https:\/\/api.w.org\/{rel}","templated":true}]}}

<p>Le socle commun a pour objet d’amener l’enfant, à l’issue de la période de l’instruction obligatoire, à la maîtrise de l’ensemble des exigences du socle commun. Il a été modifié par le <a href="http://www.education.gouv.fr/pid25535/bulletin_officiel.html?cid_bo=87834" target="_blank" rel="noreferrer noopener">décret n°2015-372 du 31 mars 2015</a>. Le nouveau <a href="http://www.education.gouv.fr/pid25535/bulletin_officiel.html?cid_bo=87834#socle_" target="_blank" rel="noreferrer noopener">socle commun</a> de connaissances, de compétences et de culture est entré en vigueur à la rentrée scolaire 2016.</p>



<p>De plus, le nouveau décret n°2016-1452 du 28 octobre 2016 apporte principalement des changements sur l’âge où l’enfant était censé avoir acquis le socle commun. Dorénavant, le socle commun est évalué à chaque fin de cycle d’enseignement de la scolarité obligatoire (et non plus aux 16 ans de l’enfant comme c’était le cas auparavant).</p>



<p>Le socle commun se compose de <a href="https://drive.google.com/file/d/0B6VFUN21Q2vpWFBsU3lpWEZWV3M/view?usp=sharing&amp;resourcekey=0-_xwUxlj_FmQtzGXZEMjD4A" target="_blank" rel="noreferrer noopener">cinq domaines </a> de formation qui définissent les grands enjeux de formation durant la scolarité obligatoire.</p>



<p>Bénédicte Dubois (Responsable du pôle éducation inclusive IFP Nord-Pas-de-Calais) a réalisé un document de synthèse sur les nouveaux programmes en fonction de chaque cycle :</p>



<p>Programme du <a href="https://drive.google.com/file/d/0B6VFUN21Q2vpYS01eGpCSXY3Nlk/view?usp=sharing&amp;resourcekey=0-mo5D5LCZkgb3VK-aRefD_Q" target="_blank" rel="noreferrer noopener">cycle 2</a>  (cycle des apprentissages fondamentaux : CP, CE1, CE2)</p>



<p>Programme du <a href="https://drive.google.com/file/d/0B6VFUN21Q2vpT2JfMW4wSE96SEU/view?usp=sharing&amp;resourcekey=0--uKsfdH-K43hWzgVSamS6g" target="_blank" rel="noreferrer noopener">cycle </a><a rel="noreferrer noopener" href="/" target="_blank">3</a> (cycle de consolidation : CM1, CM2, 6ème)</p>



<p>Programme du <a href="https://drive.google.com/file/d/0B6VFUN21Q2vpMWE5QWQ4cm5nTEE/view?usp=sharing&amp;resourcekey=0-Z674sNg6k6SSxYB7Pr8SHw" target="_blank" rel="noreferrer noopener">cycle </a><a rel="noreferrer noopener" href="/" target="_blank">4</a> (cycle des approfondissements : 5ème, 4ème, 3ème)</p>



<p>Suite à la nouvelle <a href="https://www.legifrance.gouv.fr/affichTexte.do;jsessionid=C4DDA225293DDCBD1C8277FE08DE88D4.tplgfr29s_3?cidTexte=JORFTEXT000038829065&amp;dateTexte=&amp;oldAction=rechJO&amp;categorieLien=id&amp;idJO=JORFCONT000038829057" target="_blank" rel="noreferrer noopener">loi n°2019-791</a> école de la confiance du 26 juillet 2019 et du <a href="https://www.legifrance.gouv.fr/affichTexte.do?cidTexte=JORFTEXT000038874595&amp;categorieLien=id" target="_blank" rel="noreferrer noopener">Décret n° 2019-823</a> du 02 août 2019, l’instruction obligatoire concerne dorénavant les enfants à partir de<strong> 3 ans</strong>.</p>



<p>Pour <strong>le cycle 1</strong> vous pouvez vous référez à la <a href="https://drive.google.com/file/d/1rneFPxmr_ueUgmJJRqzvXVoudFUrTziY/view?usp=sharing" target="_blank" rel="noreferrer noopener">synthèse des acquis de fin de grande section.</a></p>



<p>Vous pouvez aussi consulter les programmes d’enseignement de chaque cycle sur le site du Bulletin Officiel:</p>



<p><a href="http://www.education.gouv.fr/pid285/bulletin_officiel.html?cid_bo=94753" target="_blank" rel="noreferrer noopener">cycle 2</a></p>



<p><a href="http://www.education.gouv.fr/pid285/bulletin_officiel.html?cid_bo=94708" target="_blank" rel="noreferrer noopener">cycle 3</a></p>



<p><a href="http://www.education.gouv.fr/pid285/bulletin_officiel.html?cid_bo=94717" target="_blank" rel="noreferrer noopener">cycle 4</a></p>

<p>Le socle commun a pour objet d’amener l’enfant, à l’issue de la période de l’instruction obligatoire, à la maîtrise de l’ensemble des exigences du socle commun. Il a été modifié par le décret n°2015-372 du 31 mars 2015. Le nouveau socle commun de connaissances, de compétences et de culture est entré en vigueur à la&#8230;</p>
