{"id":591,"date":"2023-07-26T23:37:48","date_gmt":"2023-07-26T21:37:48","guid":{"rendered":"https:\/\/iefdessavoie.fr\/?page_id=591"},"modified":"2023-07-26T23:37:48","modified_gmt":"2023-07-26T21:37:48","slug":"stage-en-ief","status":"publish","type":"page","link":"https:\/\/iefdessavoie.fr\/index.php\/stage-en-ief\/","title":{"rendered":"Les stages"},"content":{"rendered":"\n<p>Il est possible d&rsquo;effectuer un stage pour les jeunes en IEF. Il suffit de fournir une convention de stage qui sera sign\u00e9e par le ma\u00eetre de stage et la famille (vous trouverez un <a rel=\"noreferrer noopener\" href=\"https:\/\/drive.google.com\/file\/d\/1eVnOdc9Zz29FQ_aX749VwHyFagSg6zu7\/view?usp=share_link\" target=\"_blank\">exemplaire ici<\/a>).<br>Il n&rsquo;y a pas d&rsquo;\u00e2ge sp\u00e9cifique ni de dur\u00e9e pour effectuer un stage. Cela est surtout \u00e0 convenir avec la personne qui accueille votre enfant.<br>Dans le cadre scolaire, les \u00e9l\u00e8ves effectuent un stage d&rsquo;une semaine de d\u00e9couverte professionnelle en classe de 3\u00e8me soit \u00e0 14-15ans. En IEF si votre enfant souhaite d\u00e9couvrir un m\u00e9tier \u00e0 12 ans et que vous trouvez quelqu&rsquo;un pour l&rsquo;accueillir , c&rsquo;est tout \u00e0 fait possible de conclure ce projet via cette convention.<br>Renseignez-vous aupr\u00e8s de votre assurance responsabilit\u00e9 civile qui couvrira votre enfant lors de son stage, si ce n&rsquo;est pas le cas vous pouvez prendre une assurance scolaire et\/ou extra scolaire.<\/p>\n\n\n\n<p>Certaines entreprises peuvent refuser votre convention soit parce qu&rsquo;elle n&rsquo;est pas sign\u00e9e par un \u00e9tablissement scolaire soit parce que l&rsquo;entreprise ne la trouve pas assez conventionnelle&#8230;<br>En fonction, du m\u00e9tier choisi vous pouvez vous adresser \u00e0 la chambre du commerce et de l&rsquo;industrie, la chambre des m\u00e9tiers de l&rsquo;artisanat ou la chambre de l&rsquo;agriculture qui peuvent vous fournir une convention tripartite qui sera sign\u00e9e par l&rsquo;un de ces organismes, l&rsquo;entreprise et vous. Par contre, l&rsquo;organisme peut vous demander d&rsquo;effectuer le stage uniquement pendant les \u00ab\u00a0petites vacances\u00a0\u00bb scolaires. De plus, il signera la convention uniquement si l&rsquo;enfant \u00e0 au moins 14 ans.<\/p>\n\n\n\n<p>Pour obtenir des conventions de stages, il est aussi possible de s&rsquo;adresser \u00e0 des CIO (centre d&rsquo;information et d&rsquo;orientation) ainsi qu&rsquo;aux BIJ (bureau d&rsquo;information jeunesse).<\/p>\n\n\n\n<p>A l&rsquo;issue de son stage, le stagiaire pourra r\u00e9aliser un bilan en r\u00e9digeant un rapport de stage. Vous trouverez un mod\u00e8le <a href=\"https:\/\/www.letudiant.fr\/jobsstages\/conseils-stages\/article\/exemple-de-rapport-de-stage-inspirez-vous-de-notre-modele.html\" target=\"_blank\" rel=\"noreferrer noopener\">ici<\/a>.<\/p>\n","protected":false},"excerpt":{"rendered":"<p>Il est possible d&rsquo;effectuer un stage pour les jeunes en IEF. Il suffit de fournir une convention de stage qui sera sign\u00e9e par le ma\u00eetre de stage et la famille (vous trouverez un exemplaire ici).Il n&rsquo;y a pas d&rsquo;\u00e2ge sp\u00e9cifique ni de dur\u00e9e pour effectuer un stage. Cela est surtout \u00e0 convenir avec la personne&#8230;<\/p>\n","protected":false},"author":2,"featured_media":0,"parent":0,"menu_order":0,"comment_status":"closed","ping_status":"closed","template":"","meta":{"footnotes":""},"class_list":["post-591","page","type-page","status-publish","hentry"],"jetpack_sharing_enabled":true,"_links":{"self":[{"href":"https:\/\/iefdessavoie.fr\/index.php\/wp-json\/wp\/v2\/pages\/591","targetHints":{"allow":["GET"]}}],"collection":[{"href":"https:\/\/iefdessavoie.fr\/index.php\/wp-json\/wp\/v2\/pages"}],"about":[{"href":"https:\/\/iefdessavoie.fr\/index.php\/wp-json\/wp\/v2\/types\/page"}],"author":[{"embeddable":true,"href":"https:\/\/iefdessavoie.fr\/index.php\/wp-json\/wp\/v2\/users\/2"}],"replies":[{"embeddable":true,"href":"https:\/\/iefdessavoie.fr\/index.php\/wp-json\/wp\/v2\/comments?post=591"}],"version-history":[{"count":0,"href":"https:\/\/iefdessavoie.fr\/index.php\/wp-json\/wp\/v2\/pages\/591\/revisions"}],"wp:attachment":[{"href":"https:\/\/iefdessavoie.fr\/index.php\/wp-json\/wp\/v2\/media?parent=591"}],"curies":[{"name":"wp","href":"https:\/\/api.w.org\/{rel}","templated":true}]}}

<p>Il est possible d&rsquo;effectuer un stage pour les jeunes en IEF. Il suffit de fournir une convention de stage qui sera signée par le maître de stage et la famille (vous trouverez un <a rel="noreferrer noopener" href="https://drive.google.com/file/d/1eVnOdc9Zz29FQ_aX749VwHyFagSg6zu7/view?usp=share_link" target="_blank">exemplaire ici</a>).<br>Il n&rsquo;y a pas d&rsquo;âge spécifique ni de durée pour effectuer un stage. Cela est surtout à convenir avec la personne qui accueille votre enfant.<br>Dans le cadre scolaire, les élèves effectuent un stage d&rsquo;une semaine de découverte professionnelle en classe de 3ème soit à 14-15ans. En IEF si votre enfant souhaite découvrir un métier à 12 ans et que vous trouvez quelqu&rsquo;un pour l&rsquo;accueillir , c&rsquo;est tout à fait possible de conclure ce projet via cette convention.<br>Renseignez-vous auprès de votre assurance responsabilité civile qui couvrira votre enfant lors de son stage, si ce n&rsquo;est pas le cas vous pouvez prendre une assurance scolaire et/ou extra scolaire.</p>



<p>Certaines entreprises peuvent refuser votre convention soit parce qu&rsquo;elle n&rsquo;est pas signée par un établissement scolaire soit parce que l&rsquo;entreprise ne la trouve pas assez conventionnelle&#8230;<br>En fonction, du métier choisi vous pouvez vous adresser à la chambre du commerce et de l&rsquo;industrie, la chambre des métiers de l&rsquo;artisanat ou la chambre de l&rsquo;agriculture qui peuvent vous fournir une convention tripartite qui sera signée par l&rsquo;un de ces organismes, l&rsquo;entreprise et vous. Par contre, l&rsquo;organisme peut vous demander d&rsquo;effectuer le stage uniquement pendant les « petites vacances » scolaires. De plus, il signera la convention uniquement si l&rsquo;enfant à au moins 14 ans.</p>



<p>Pour obtenir des conventions de stages, il est aussi possible de s&rsquo;adresser à des CIO (centre d&rsquo;information et d&rsquo;orientation) ainsi qu&rsquo;aux BIJ (bureau d&rsquo;information jeunesse).</p>



<p>A l&rsquo;issue de son stage, le stagiaire pourra réaliser un bilan en rédigeant un rapport de stage. Vous trouverez un modèle <a href="https://www.letudiant.fr/jobsstages/conseils-stages/article/exemple-de-rapport-de-stage-inspirez-vous-de-notre-modele.html" target="_blank" rel="noreferrer noopener">ici</a>.</p>

<p>Il est possible d&rsquo;effectuer un stage pour les jeunes en IEF. Il suffit de fournir une convention de stage qui sera signée par le maître de stage et la famille (vous trouverez un exemplaire ici).Il n&rsquo;y a pas d&rsquo;âge spécifique ni de durée pour effectuer un stage. Cela est surtout à convenir avec la personne&#8230;</p>
