{"id":454,"date":"2023-07-26T23:07:16","date_gmt":"2023-07-26T21:07:16","guid":{"rendered":"https:\/\/iefdessavoie.fr\/?page_id=454"},"modified":"2023-07-26T23:07:16","modified_gmt":"2023-07-26T21:07:16","slug":"jeunes-engages-jeunes-passionnes","status":"publish","type":"page","link":"https:\/\/iefdessavoie.fr\/index.php\/jeunes-engages-jeunes-passionnes\/","title":{"rendered":"Jeunes engag\u00e9s, jeunes passionn\u00e9s"},"content":{"rendered":"\n<p class=\"has-text-align-center\"><strong>Des pistes pour s&rsquo;engager quand on est jeune : apprendre, d\u00e9couvrir, faire des rencontres<\/strong><\/p>\n\n\n\n<p>Comment s&rsquo;engager quand on est jeune ? Comment participer \u00e0 des projets locaux ou de grande ampleur ? Pour gagner en confiance en soi et en exp\u00e9rience, rencontrer du monde, monter des projets, apprendre, ou promouvoir le dialogue interculturel, le monde associatif propose des programmes \u00e0 destination de la jeunesse.<\/p>\n\n\n\n<p>Il est possible de s&rsquo;engager de diff\u00e9rentes mani\u00e8res, d\u00e8s le d\u00e9but de l&rsquo;adolescence. Pour lancer sur une premi\u00e8re piste ceux qui ont envie d&rsquo;action, les engag\u00e9s, les inarr\u00eatables, les curieux, les r\u00e9serv\u00e9s, les survolt\u00e9s, enfin tous les jeunes en IEF dans leur diversit\u00e9, voici une petite liste d&rsquo;associations, de fondations et d&rsquo;ONG qui impliquent les jeunes.<\/p>\n\n\n\n<p class=\"has-text-align-center\"><em>Devenir b\u00e9n\u00e9vole, premier engagement associatif<\/em><\/p>\n\n\n\n<ul class=\"wp-block-list\">\n<li>Pour commencer en douceur, voici un <a href=\"https:\/\/www.francebenevolat.org\/documentation\/guide-etre-jeune-et-s-engager-dans-la-vie-associative-benevolat-des-mineurs\" target=\"_blank\" rel=\"noreferrer noopener\">guide de France B\u00e9n\u00e9volat <\/a>\u00e0 destination des mineurs qui souhaitent se lancer dans la vie associative. <\/li>\n\n\n\n<li>Sur le site \u00ab\u00a0<a rel=\"noreferrer noopener\" href=\"https:\/\/www.jeveuxaider.gouv.fr\/\" target=\"_blank\">Je veux aider<\/a>\u00a0\u00bb vous trouverez des actions b\u00e9n\u00e9voles ponctuelles ou de long terme pr\u00e8s de chez vous ou en ligne, class\u00e9es par th\u00e8mes. Les associations y d\u00e9posent des fiches de mission et pr\u00e9cisent leurs besoins en b\u00e9n\u00e9voles. <\/li>\n<\/ul>\n\n\n\n<p class=\"has-text-align-center\"><em>Citoyennet\u00e9, rencontres nationales et internationales <\/em><\/p>\n\n\n\n<ul class=\"wp-block-list\">\n<li>Le <a rel=\"noreferrer noopener\" href=\"https:\/\/www.pejfrance.org\/\" target=\"_blank\">Parlement Europ\u00e9en des Jeunes &#8211; France<\/a> est la branche nationale d&rsquo;une association europ\u00e9enne qui vise \u00e0 sensibiliser les jeunes de 15 \u00e0 25 ans \u00e0 la vie publique et \u00e0 la citoyennet\u00e9 europ\u00e9enne. Elle permet aux jeunes de participer \u00e0 de <a rel=\"noreferrer noopener\" href=\"https:\/\/www.pejfrance.org\/2021\/03\/01\/tout-savoir-sur-le-pej-france-nos-programmes-nattendent-plus-que-toi-%f0%9f%a4%a9\/\" target=\"_blank\">nombreuses activit\u00e9s<\/a>, par exemple des simulations du Parlement Europ\u00e9en, de se former et de nouer un dialogue interculturel avec d&rsquo;autres jeunes europ\u00e9ens. Les d\u00e9placements des adh\u00e9rents sont rembours\u00e9s par l&rsquo;association : renseignez-vous. <\/li>\n\n\n\n<li>Vous \u00eates intrigu\u00e9s par l&rsquo;Union Europ\u00e9enne ? D\u00e9couvrez le dialogue europ\u00e9en en faveur de la jeunesse sur <a rel=\"noreferrer noopener\" href=\"https:\/\/www.jeunes.gouv.fr\/participation-la-construction-europeenne-319\" target=\"_blank\">ce site<\/a>.<\/li>\n\n\n\n<li>Le <a rel=\"noreferrer noopener\" href=\"https:\/\/www.rotary.org\/fr\" target=\"_blank\">Rotary Club <\/a>est une association internationale qui vise \u00e0 am\u00e9liorer les conditions de vie en agissant au niveau local \u00e0 travers des programmes pour l&rsquo;acc\u00e8s \u00e0 l&rsquo;eau et l&rsquo;alphab\u00e9tisation, de protection de l&rsquo;environnement, en promouvant le dialogue interculturel. Le Rotary propose plusieurs <a rel=\"noreferrer noopener\" href=\"https:\/\/www.rotary.org\/fr\/our-programs\/youth-programs\" target=\"_blank\">programmes pour les jeunes<\/a>, \u00e0 partir de 12 ans. Il permet d&rsquo;effectuer des stages et des \u00e9changes internationaux. <\/li>\n\n\n\n<li>Le <a rel=\"noreferrer noopener\" href=\"https:\/\/www.lions-clubs-france.org\/\" target=\"_blank\">Lions Club<\/a> : vous avez peut-\u00eatre lu ce nom sur les panneaux \u00ab\u00a0si tu prends ma place, prends aussi mon handicap\u00a0\u00bb affich\u00e9s pr\u00e8s de places de parking r\u00e9serv\u00e9es aux personnes handicap\u00e9es. Le Lions Club est une association internationale qui m\u00e8ne des <a rel=\"noreferrer noopener\" href=\"https:\/\/www.lions-clubs-france.org\/qui-sommes-nous\/\" target=\"_blank\">actions d&rsquo;int\u00e9r\u00eat g\u00e9n\u00e9ral<\/a> au niveau local. Les <a rel=\"noreferrer noopener\" href=\"https:\/\/www.lions-france.org\/les-associations\/leo-clubs\/\" target=\"_blank\">Leos Clubs<\/a> sont destin\u00e9s aux personnes de 12 \u00e0 30 ans qui souhaitent d\u00e9couvrir l&rsquo;engagement au sein de l&rsquo;association. Vous trouverez une liste des actions du Lions Club \u00e0 destination de la jeunesse <a rel=\"noreferrer noopener\" href=\"https:\/\/www.lions-france.org\/action-jeunesse\" target=\"_blank\">ici<\/a>. <\/li>\n<\/ul>\n\n\n\n<p class=\"has-text-align-center\"><em>Biodiversit\u00e9, changement climatique, justice sociale <\/em><\/p>\n\n\n\n<ul class=\"wp-block-list\">\n<li>La <a rel=\"noreferrer noopener\" href=\"https:\/\/www.lpo.fr\/\" target=\"_blank\">Ligue pour la Protection des Oiseaux<\/a> : association pour la connaissance et la sauvegarde de la biodiversit\u00e9. Il est possible d&rsquo;adh\u00e9rer en famille : un adh\u00e9rent peut voter en assembl\u00e9e g\u00e9n\u00e9rale d\u00e8s l&rsquo;\u00e2ge de douze ans. Il est aussi possible d&rsquo;\u00eatre b\u00e9n\u00e9vole, sans avoir besoin d&rsquo;adh\u00e9rer. L&rsquo;association propose un volet \u00ab\u00a0\u00e9ducation \u00e0 l&rsquo;environnement\u00a0\u00bb qui comprend des actions de sensibilisation du public.<\/li>\n\n\n\n<li><a rel=\"noreferrer noopener\" href=\"https:\/\/www.oxfamfrance.org\/agir-oxfam\/sengager-benevolement-quand-on-est-jeune\/\" target=\"_blank\">Oxfam France<\/a> est une association citoyenne, branche de l&rsquo;association internationale Oxfam qui lutte contre les in\u00e9galit\u00e9s (environnementales, \u00e9conomiques, de genre&#8230;) et la pauvret\u00e9. Elle dispose d&rsquo;un <a href=\"https:\/\/www.oxfamfrance.org\/agir-oxfam\/programme-jeunes\/\" target=\"_blank\" rel=\"noreferrer noopener\">programme jeunes<\/a> qui accueille les 16-26 ans pour les former en un an aux enjeux chers \u00e0 l&rsquo;association. <\/li>\n\n\n\n<li>La <a href=\"https:\/\/fondationdesfemmes.org\/sengager\/devenir-benevole\/\" target=\"_blank\" rel=\"noreferrer noopener\">Fondation Des Femmes<\/a> collecte des dons pour soutenir des associations de terrain et faire progresser les droits des femmes. <\/li>\n<\/ul>\n\n\n\n<p class=\"has-text-align-center\"><em>Projets personnels, voyages <\/em><\/p>\n\n\n\n<ul class=\"wp-block-list\">\n<li>Pour \u00eatre accompagn\u00e9 dans des projets divers et vari\u00e9s, voici <a href=\"https:\/\/www.fondationdefrance.org\/fr\/guide\" target=\"_blank\" rel=\"noreferrer noopener\">un annuaire des bourses<\/a> de la Fondation de France<\/li>\n\n\n\n<li>R\u00e9aliser un voyage d&rsquo;\u00e9tude en autonomie d&rsquo;un mois minimum, pour les 16-20 ans, avec les bourses de la fondation <a rel=\"noreferrer noopener\" href=\"https:\/\/www.zellidja.com\/\" target=\"_blank\">Zellidja<\/a>. <\/li>\n\n\n\n<li>Apprendre \u00e0 prendre la parole en public dans un contexte bienveillant en rejoignant l&rsquo;un des clubs de l&rsquo;association <a rel=\"noreferrer noopener\" href=\"https:\/\/france.toastmasters.org\/\" target=\"_blank\">Toastmasters international<\/a> pr\u00e8s de chez vous. <br><\/li>\n<\/ul>\n\n\n\n<p class=\"has-text-align-center\"><em>Passer le Brevet d&rsquo;Aptitude aux Fonctions d&rsquo;Animateur<\/em><\/p>\n\n\n\n<p>Le <a rel=\"noreferrer noopener\" href=\"https:\/\/www.jeunes.gouv.fr\/bafa-bafd\" target=\"_blank\">BAFA<\/a> est une formation enrichissante qui vous permettra de prendre des responsabilit\u00e9s assez jeune, le tout dans un cadre agr\u00e9able, en colonie de vacance ou en centre de loisirs. Les animateurs sont toujours recherch\u00e9s par les structures, qui doivent parfois renoncer \u00e0 une colonie faute d&rsquo;un nombre d&rsquo;encadrants suffisants. La formation au BAFA peut commencer \u00e0 partir de 16 ans. Choisissez un organisme de formation qui vous corresponde : faites quelques recherches sur ses valeurs avant d&rsquo;entamer votre formation. Et ensuite ? D\u00e8s 18 ans, vous pouvez passer le BAFD, qui permet d&rsquo;acc\u00e9der au poste de directeur d&rsquo;une colonie de vacances. <\/p>\n\n\n\n<p class=\"has-text-align-center\"><em>Service civique <\/em><\/p>\n\n\n\n<ul class=\"wp-block-list\">\n<li>Le <a rel=\"noreferrer noopener\" href=\"https:\/\/www.service-civique.gouv.fr\/\" target=\"_blank\">service civique<\/a> est destin\u00e9 aux jeunes de 18 \u00e0 25 ans (jusqu&rsquo;\u00e0 30 ans pour les jeunes en situation de handicap). Toutefois, il est possible de s&rsquo;inscrire <a rel=\"noreferrer noopener\" href=\"https:\/\/www.jeunes.gouv.fr\/le-service-civique-268\" target=\"_blank\">d\u00e8s 16 ans<\/a> avec des formules adapt\u00e9es. Les jeunes per\u00e7oivent une petite indemnisation et s&rsquo;engagent au sein d&rsquo;un organisme public ou associatif agr\u00e9\u00e9, en France, en Europe ou dans le monde. L&rsquo;engagement dure de six mois \u00e0 un an. <\/li>\n\n\n\n<li>Le <a rel=\"noreferrer noopener\" href=\"https:\/\/www.corpseuropeensolidarite.fr\/\" target=\"_blank\">Corps europ\u00e9en de solidarit\u00e9<\/a> s&rsquo;adresse aux jeunes ayant entre 18 et 30 ans. Il dure entre deux mois et un an et permet de participer \u00e0 un <a rel=\"noreferrer noopener\" href=\"https:\/\/www.service-public.fr\/particuliers\/vosdroits\/F119\" target=\"_blank\">projet solidaire <\/a>dans l&rsquo;Union Europ\u00e9enne. Vous pouvez commencer par une exp\u00e9rience \u00e0 court terme, avant de vous lancer dans un projet plus long. Tout au long de cette p\u00e9riode, vous b\u00e9n\u00e9ficiez de formations adapt\u00e9es et de cours de langue. C&rsquo;est un bon moyen de voyager en Europe et dans les pays environnants tout en apprenant une langue \u00e9trang\u00e8re et en participant \u00e0 un projet avec d&rsquo;autres jeunes. <\/li>\n<\/ul>\n\n\n\n<p><\/p>\n\n\n\n<p>Cette liste d&rsquo;association ne vise pas l&rsquo;exhaustivit\u00e9, cependant nous esp\u00e9rons qu&rsquo;elle sera une premi\u00e8re \u00e9tape utile dans votre recherche d&rsquo;engagement. Bonne route de b\u00e9n\u00e9vole&#8230; <\/p>\n","protected":false},"excerpt":{"rendered":"<p>Des pistes pour s&rsquo;engager quand on est jeune : apprendre, d\u00e9couvrir, faire des rencontres Comment s&rsquo;engager quand on est jeune ? Comment participer \u00e0 des projets locaux ou de grande ampleur ? Pour gagner en confiance en soi et en exp\u00e9rience, rencontrer du monde, monter des projets, apprendre, ou promouvoir le dialogue interculturel, le monde&#8230;<\/p>\n","protected":false},"author":4,"featured_media":0,"parent":0,"menu_order":0,"comment_status":"closed","ping_status":"closed","template":"","meta":{"footnotes":""},"class_list":["post-454","page","type-page","status-publish","hentry"],"jetpack_sharing_enabled":true,"_links":{"self":[{"href":"https:\/\/iefdessavoie.fr\/index.php\/wp-json\/wp\/v2\/pages\/454","targetHints":{"allow":["GET"]}}],"collection":[{"href":"https:\/\/iefdessavoie.fr\/index.php\/wp-json\/wp\/v2\/pages"}],"about":[{"href":"https:\/\/iefdessavoie.fr\/index.php\/wp-json\/wp\/v2\/types\/page"}],"author":[{"embeddable":true,"href":"https:\/\/iefdessavoie.fr\/index.php\/wp-json\/wp\/v2\/users\/4"}],"replies":[{"embeddable":true,"href":"https:\/\/iefdessavoie.fr\/index.php\/wp-json\/wp\/v2\/comments?post=454"}],"version-history":[{"count":0,"href":"https:\/\/iefdessavoie.fr\/index.php\/wp-json\/wp\/v2\/pages\/454\/revisions"}],"wp:attachment":[{"href":"https:\/\/iefdessavoie.fr\/index.php\/wp-json\/wp\/v2\/media?parent=454"}],"curies":[{"name":"wp","href":"https:\/\/api.w.org\/{rel}","templated":true}]}}

Jeunes engagés, jeunes passionnés

<p class="has-text-align-center"><strong>Des pistes pour s&rsquo;engager quand on est jeune : apprendre, découvrir, faire des rencontres</strong></p>



<p>Comment s&rsquo;engager quand on est jeune ? Comment participer à des projets locaux ou de grande ampleur ? Pour gagner en confiance en soi et en expérience, rencontrer du monde, monter des projets, apprendre, ou promouvoir le dialogue interculturel, le monde associatif propose des programmes à destination de la jeunesse.</p>



<p>Il est possible de s&rsquo;engager de différentes manières, dès le début de l&rsquo;adolescence. Pour lancer sur une première piste ceux qui ont envie d&rsquo;action, les engagés, les inarrêtables, les curieux, les réservés, les survoltés, enfin tous les jeunes en IEF dans leur diversité, voici une petite liste d&rsquo;associations, de fondations et d&rsquo;ONG qui impliquent les jeunes.</p>



<p class="has-text-align-center"><em>Devenir bénévole, premier engagement associatif</em></p>



<ul class="wp-block-list">
<li>Pour commencer en douceur, voici un <a href="https://www.francebenevolat.org/documentation/guide-etre-jeune-et-s-engager-dans-la-vie-associative-benevolat-des-mineurs" target="_blank" rel="noreferrer noopener">guide de France Bénévolat </a>à destination des mineurs qui souhaitent se lancer dans la vie associative. </li>



<li>Sur le site « <a rel="noreferrer noopener" href="https://www.jeveuxaider.gouv.fr/" target="_blank">Je veux aider</a> » vous trouverez des actions bénévoles ponctuelles ou de long terme près de chez vous ou en ligne, classées par thèmes. Les associations y déposent des fiches de mission et précisent leurs besoins en bénévoles. </li>
</ul>



<p class="has-text-align-center"><em>Citoyenneté, rencontres nationales et internationales </em></p>



<ul class="wp-block-list">
<li>Le <a rel="noreferrer noopener" href="https://www.pejfrance.org/" target="_blank">Parlement Européen des Jeunes &#8211; France</a> est la branche nationale d&rsquo;une association européenne qui vise à sensibiliser les jeunes de 15 à 25 ans à la vie publique et à la citoyenneté européenne. Elle permet aux jeunes de participer à de <a rel="noreferrer noopener" href="https://www.pejfrance.org/2021/03/01/tout-savoir-sur-le-pej-france-nos-programmes-nattendent-plus-que-toi-%f0%9f%a4%a9/" target="_blank">nombreuses activités</a>, par exemple des simulations du Parlement Européen, de se former et de nouer un dialogue interculturel avec d&rsquo;autres jeunes européens. Les déplacements des adhérents sont remboursés par l&rsquo;association : renseignez-vous. </li>



<li>Vous êtes intrigués par l&rsquo;Union Européenne ? Découvrez le dialogue européen en faveur de la jeunesse sur <a rel="noreferrer noopener" href="https://www.jeunes.gouv.fr/participation-la-construction-europeenne-319" target="_blank">ce site</a>.</li>



<li>Le <a rel="noreferrer noopener" href="https://www.rotary.org/fr" target="_blank">Rotary Club </a>est une association internationale qui vise à améliorer les conditions de vie en agissant au niveau local à travers des programmes pour l&rsquo;accès à l&rsquo;eau et l&rsquo;alphabétisation, de protection de l&rsquo;environnement, en promouvant le dialogue interculturel. Le Rotary propose plusieurs <a rel="noreferrer noopener" href="https://www.rotary.org/fr/our-programs/youth-programs" target="_blank">programmes pour les jeunes</a>, à partir de 12 ans. Il permet d&rsquo;effectuer des stages et des échanges internationaux. </li>



<li>Le <a rel="noreferrer noopener" href="https://www.lions-clubs-france.org/" target="_blank">Lions Club</a> : vous avez peut-être lu ce nom sur les panneaux « si tu prends ma place, prends aussi mon handicap » affichés près de places de parking réservées aux personnes handicapées. Le Lions Club est une association internationale qui mène des <a rel="noreferrer noopener" href="https://www.lions-clubs-france.org/qui-sommes-nous/" target="_blank">actions d&rsquo;intérêt général</a> au niveau local. Les <a rel="noreferrer noopener" href="https://www.lions-france.org/les-associations/leo-clubs/" target="_blank">Leos Clubs</a> sont destinés aux personnes de 12 à 30 ans qui souhaitent découvrir l&rsquo;engagement au sein de l&rsquo;association. Vous trouverez une liste des actions du Lions Club à destination de la jeunesse <a rel="noreferrer noopener" href="https://www.lions-france.org/action-jeunesse" target="_blank">ici</a>. </li>
</ul>



<p class="has-text-align-center"><em>Biodiversité, changement climatique, justice sociale </em></p>



<ul class="wp-block-list">
<li>La <a rel="noreferrer noopener" href="https://www.lpo.fr/" target="_blank">Ligue pour la Protection des Oiseaux</a> : association pour la connaissance et la sauvegarde de la biodiversité. Il est possible d&rsquo;adhérer en famille : un adhérent peut voter en assemblée générale dès l&rsquo;âge de douze ans. Il est aussi possible d&rsquo;être bénévole, sans avoir besoin d&rsquo;adhérer. L&rsquo;association propose un volet « éducation à l&rsquo;environnement » qui comprend des actions de sensibilisation du public.</li>



<li><a rel="noreferrer noopener" href="https://www.oxfamfrance.org/agir-oxfam/sengager-benevolement-quand-on-est-jeune/" target="_blank">Oxfam France</a> est une association citoyenne, branche de l&rsquo;association internationale Oxfam qui lutte contre les inégalités (environnementales, économiques, de genre&#8230;) et la pauvreté. Elle dispose d&rsquo;un <a href="https://www.oxfamfrance.org/agir-oxfam/programme-jeunes/" target="_blank" rel="noreferrer noopener">programme jeunes</a> qui accueille les 16-26 ans pour les former en un an aux enjeux chers à l&rsquo;association. </li>



<li>La <a href="https://fondationdesfemmes.org/sengager/devenir-benevole/" target="_blank" rel="noreferrer noopener">Fondation Des Femmes</a> collecte des dons pour soutenir des associations de terrain et faire progresser les droits des femmes. </li>
</ul>



<p class="has-text-align-center"><em>Projets personnels, voyages </em></p>



<ul class="wp-block-list">
<li>Pour être accompagné dans des projets divers et variés, voici <a href="https://www.fondationdefrance.org/fr/guide" target="_blank" rel="noreferrer noopener">un annuaire des bourses</a> de la Fondation de France</li>



<li>Réaliser un voyage d&rsquo;étude en autonomie d&rsquo;un mois minimum, pour les 16-20 ans, avec les bourses de la fondation <a rel="noreferrer noopener" href="https://www.zellidja.com/" target="_blank">Zellidja</a>. </li>



<li>Apprendre à prendre la parole en public dans un contexte bienveillant en rejoignant l&rsquo;un des clubs de l&rsquo;association <a rel="noreferrer noopener" href="https://france.toastmasters.org/" target="_blank">Toastmasters international</a> près de chez vous. <br></li>
</ul>



<p class="has-text-align-center"><em>Passer le Brevet d&rsquo;Aptitude aux Fonctions d&rsquo;Animateur</em></p>



<p>Le <a rel="noreferrer noopener" href="https://www.jeunes.gouv.fr/bafa-bafd" target="_blank">BAFA</a> est une formation enrichissante qui vous permettra de prendre des responsabilités assez jeune, le tout dans un cadre agréable, en colonie de vacance ou en centre de loisirs. Les animateurs sont toujours recherchés par les structures, qui doivent parfois renoncer à une colonie faute d&rsquo;un nombre d&rsquo;encadrants suffisants. La formation au BAFA peut commencer à partir de 16 ans. Choisissez un organisme de formation qui vous corresponde : faites quelques recherches sur ses valeurs avant d&rsquo;entamer votre formation. Et ensuite ? Dès 18 ans, vous pouvez passer le BAFD, qui permet d&rsquo;accéder au poste de directeur d&rsquo;une colonie de vacances. </p>



<p class="has-text-align-center"><em>Service civique </em></p>



<ul class="wp-block-list">
<li>Le <a rel="noreferrer noopener" href="https://www.service-civique.gouv.fr/" target="_blank">service civique</a> est destiné aux jeunes de 18 à 25 ans (jusqu&rsquo;à 30 ans pour les jeunes en situation de handicap). Toutefois, il est possible de s&rsquo;inscrire <a rel="noreferrer noopener" href="https://www.jeunes.gouv.fr/le-service-civique-268" target="_blank">dès 16 ans</a> avec des formules adaptées. Les jeunes perçoivent une petite indemnisation et s&rsquo;engagent au sein d&rsquo;un organisme public ou associatif agréé, en France, en Europe ou dans le monde. L&rsquo;engagement dure de six mois à un an. </li>



<li>Le <a rel="noreferrer noopener" href="https://www.corpseuropeensolidarite.fr/" target="_blank">Corps européen de solidarité</a> s&rsquo;adresse aux jeunes ayant entre 18 et 30 ans. Il dure entre deux mois et un an et permet de participer à un <a rel="noreferrer noopener" href="https://www.service-public.fr/particuliers/vosdroits/F119" target="_blank">projet solidaire </a>dans l&rsquo;Union Européenne. Vous pouvez commencer par une expérience à court terme, avant de vous lancer dans un projet plus long. Tout au long de cette période, vous bénéficiez de formations adaptées et de cours de langue. C&rsquo;est un bon moyen de voyager en Europe et dans les pays environnants tout en apprenant une langue étrangère et en participant à un projet avec d&rsquo;autres jeunes. </li>
</ul>



<p></p>



<p>Cette liste d&rsquo;association ne vise pas l&rsquo;exhaustivité, cependant nous espérons qu&rsquo;elle sera une première étape utile dans votre recherche d&rsquo;engagement. Bonne route de bénévole&#8230; </p>

<p>Des pistes pour s&rsquo;engager quand on est jeune : apprendre, découvrir, faire des rencontres Comment s&rsquo;engager quand on est jeune ? Comment participer à des projets locaux ou de grande ampleur ? Pour gagner en confiance en soi et en expérience, rencontrer du monde, monter des projets, apprendre, ou promouvoir le dialogue interculturel, le monde&#8230;</p>
