{"id":44,"date":"2021-08-15T08:30:52","date_gmt":"2021-08-15T06:30:52","guid":{"rendered":"https:\/\/iefdessavoie.fr\/?page_id=44"},"modified":"2021-08-15T08:30:52","modified_gmt":"2021-08-15T06:30:52","slug":"demarches-administratives","status":"publish","type":"page","link":"https:\/\/iefdessavoie.fr\/index.php\/demarches-administratives\/","title":{"rendered":"D\u00e9marches administratives"},"content":{"rendered":"\n<h2 class=\"has-vivid-red-color has-text-color wp-block-heading\">D\u00e9marches \u00e0 effectuer pour la rentr\u00e9e 2022 :<\/h2>\n\n\n\n<p>A compter de la rentr\u00e9e de septembre 2022 la loi change pour les enfants instruits en famille.<\/p>\n\n\n\n<p>En effet <a href=\"https:\/\/www.legifrance.gouv.fr\/jorf\/article_jo\/JORFARTI000043964862\" data-type=\"URL\" data-id=\"https:\/\/www.legifrance.gouv.fr\/jorf\/article_jo\/JORFARTI000043964862\" target=\"_blank\" rel=\"noreferrer noopener\">l\u2019article 49 de la loi confortant le respect des principes de la R\u00e9publique<\/a>, paru au JO. le 25\/08\/21,sera appliqu\u00e9e d\u00e8s la rentr\u00e9e de septembre 2022, ainsi que les d\u00e9crets <a href=\"https:\/\/www.legifrance.gouv.fr\/jorf\/id\/JORFTEXT000045174568\" data-type=\"URL\" data-id=\"https:\/\/www.legifrance.gouv.fr\/jorf\/id\/JORFTEXT000045174568\" target=\"_blank\" rel=\"noreferrer noopener\">2022-182<\/a>, <a href=\"https:\/\/www.legifrance.gouv.fr\/jorf\/id\/JORFTEXT000045174607\" data-type=\"URL\" data-id=\"https:\/\/www.legifrance.gouv.fr\/jorf\/id\/JORFTEXT000045174607\" target=\"_blank\" rel=\"noreferrer noopener\">2022-183<\/a> et <a href=\"https:\/\/www.legifrance.gouv.fr\/jorf\/id\/JORFTEXT000045174618\" data-type=\"URL\" data-id=\"https:\/\/www.legifrance.gouv.fr\/jorf\/id\/JORFTEXT000045174618\" target=\"_blank\" rel=\"noreferrer noopener\">2022-184<\/a>  parus au JO le 16\/02\/22.<\/p>\n\n\n\n<p class=\"has-medium-font-size\"><strong>Concr\u00e8tement, quels sont ces changements ???<\/strong><\/p>\n\n\n\n<p><strong>Dor\u00e9navant vous ne pourrez plus d\u00e9clarer votre instruction en famille par lettre au DSDEN de votre d\u00e9partement et \u00e0 la mairie de votre domicile.<\/strong><\/p>\n\n\n\n<p><strong>Vous devez effectuer une demande d\u2019autorisation pour pratiquer l\u2019instruction en famille<\/strong>.<\/p>\n\n\n\n<p class=\"has-vivid-cyan-blue-color has-text-color\"><strong>Les familles souhaitant <\/strong> pratiquer l&rsquo;ief devront effectuer une demande d&rsquo;autorisation via le <strong><a href=\"https:\/\/drive.google.com\/file\/d\/1ytCceqADVfh_rjY13Xqf0x03SJnioqDW\/view?usp=sharing\" data-type=\"URL\" data-id=\"https:\/\/drive.google.com\/file\/d\/1ytCceqADVfh_rjY13Xqf0x03SJnioqDW\/view?usp=sharing\">formulaire <\/a><a href=\"https:\/\/drive.google.com\/file\/d\/1ytCceqADVfh_rjY13Xqf0x03SJnioqDW\/view?usp=sharing\" data-type=\"URL\" data-id=\"https:\/\/drive.google.com\/file\/d\/1ytCceqADVfh_rjY13Xqf0x03SJnioqDW\/view?usp=sharing\" target=\"_blank\" rel=\"noreferrer noopener\">cerfa 16612<\/a><\/strong>,\u00a0 entre le <strong>1er mars et le 31 mai de l&rsquo;ann\u00e9e en cours<\/strong>, pour la rentr\u00e9e scolaire suivante.\u00a0Vous devez aussi compl\u00e9ter <a rel=\"noreferrer noopener\" href=\"https:\/\/drive.google.com\/file\/d\/1qtZwZso3OeWMAoHgYGVuKP89H_p855ZM\/view?usp=sharing\" data-type=\"URL\" data-id=\"https:\/\/drive.google.com\/file\/d\/1qtZwZso3OeWMAoHgYGVuKP89H_p855ZM\/view?usp=sharing\" target=\"_blank\">l&rsquo;annexe 1<\/a>. <strong>En dehors de cette p\u00e9riode de demande d&rsquo;autorisation, vous pouvez sortir votre enfant de l&rsquo;\u00e9cole \u00e0 tout moment de l&rsquo;ann\u00e9e lorsque son int\u00e9grit\u00e9 physique et\/ou morale est atteinte<\/strong> ou lors de situations tr\u00e8s pr\u00e9cises (cf. ci-dessous : est-il possible de sortir son enfant de l&rsquo;\u00e9cole \u00e0 tout moment de l&rsquo;ann\u00e9e ?).<\/p>\n\n\n\n<p><strong>Ce formulaire concerne uniquement les familles souhaitant commencer l\u2019instruction en famille \u00e0 la rentr\u00e9e 2022, les familles d\u00e9j\u00e0 en ief rempliront un autre formulaire (cf ci-dessous).<\/strong><\/p>\n\n\n\n<p><strong>Une demande d&rsquo;autorisation se fait pour chaque enfant instruit dans une m\u00eame famille.<\/strong><\/p>\n\n\n\n<p><strong>Seuls 4 motifs vous permettent de solliciter une demande d\u2019autorisation :<\/strong><\/p>\n\n\n\n<p>1a. L\u2019\u00e9tat de sant\u00e9 de l\u2019enfant<\/p>\n\n\n\n<p>1b. La situation de handicap de l\u2019enfant<\/p>\n\n\n\n<p>2a. La pratique d\u2019activit\u00e9s sportives intensives de l\u2019enfant<\/p>\n\n\n\n<p>2b. La pratique d\u2019activit\u00e9s artistiques intensives de l\u2019enfant<\/p>\n\n\n\n<p>3a. L\u2019itin\u00e9rance de la famille en France<\/p>\n\n\n\n<p>3b. L\u2019\u00e9loignement g\u00e9ographique de tout \u00e9tablissement scolaire public<\/p>\n\n\n\n<p>4. L\u2019existence d\u2019une situation propre \u00e0 l\u2019enfant motivant le projet \u00e9ducatif<\/p>\n\n\n\n<p>L&rsquo;\u00e9laboration de ces dossiers n&rsquo;est pas forc\u00e9ment \u00e9vidente, en particulier pour le motif 4, l&rsquo;association propose \u00e0 ses adh\u00e9rents : aide, suivi et relecture dans la constitution des dossiers.<\/p>\n\n\n\n<p><strong>Nous vous partageons un visuel r\u00e9sumant les d\u00e9marches et pi\u00e8ces \u00e0 joindre, r\u00e9alis\u00e9 par les associations nationales : <a href=\"https:\/\/drive.google.com\/file\/d\/1VYSprh7AKAO0LSHP49Ps5rewfaH4KyGt\/view?usp=sharing\" data-type=\"URL\" data-id=\"https:\/\/drive.google.com\/file\/d\/1VYSprh7AKAO0LSHP49Ps5rewfaH4KyGt\/view?usp=sharing\" target=\"_blank\" rel=\"noreferrer noopener\">Visuel pour les motifs un, deux ou trois<\/a> &#8211; <a href=\"https:\/\/drive.google.com\/file\/d\/1T7sgOtOh4PKhOunfE971dUxR0_AVVIPo\/view?usp=sharing\" data-type=\"URL\" data-id=\"https:\/\/drive.google.com\/file\/d\/1T7sgOtOh4PKhOunfE971dUxR0_AVVIPo\/view?usp=sharing\" target=\"_blank\" rel=\"noreferrer noopener\">Visuel pour le motif<\/a><a href=\"https:\/\/drive.google.com\/file\/d\/1T7sgOtOh4PKhOunfE971dUxR0_AVVIPo\/view?usp=sharing\" data-type=\"URL\" data-id=\"https:\/\/drive.google.com\/file\/d\/1T7sgOtOh4PKhOunfE971dUxR0_AVVIPo\/view?usp=sharing\"> 4<\/a> (la situation propre \u00e0 l&rsquo;enfant)<\/strong><\/p>\n\n\n\n<p>Le formulaire cerfa et les pi\u00e8ces justificatives sont \u00e0 envoyer par courrier \u00e0 la Direction des services d\u00e9partementaux de l\u2019\u00e9ducation nationale (DSDEN) du lieu de r\u00e9sidence de l\u2019enfant, de pr\u00e9f\u00e9rence en lettre recommand\u00e9e avec accus\u00e9 de r\u00e9ception.<strong> Avant d&rsquo;envoyer votre dossier, pensez \u00e0 en sauvegarder une copie <\/strong>(qui vous sera utile en cas de refus).<\/p>\n\n\n\n<p>Apr\u00e8s r\u00e9ception de votre dossier complet, la DSDEN doit vous envoyer un accus\u00e9 de r\u00e9ception ou vous signaler les pi\u00e8ces manquantes au dossier. Vous recevrez ensuite une r\u00e9ponse de la DSDEN dans un d\u00e9lai maximum de deux mois. Pass\u00e9 ce d\u00e9lai et en l\u2019absence de r\u00e9ponse de la DSDEN, votre demande est accept\u00e9e.<\/p>\n\n\n\n<p>Deux mois apr\u00e8s le d\u00e9p\u00f4t de votre dossier et en cas de non r\u00e9ponse de la DSDEN, demandez \u00e0 ce service une attestation d&rsquo;autorisation d&rsquo;IEF pour chacun de vos enfants concern\u00e9s.<\/p>\n\n\n\n<p>La demande d\u2019autorisation est \u00e0 <strong>renouveler tous les ans<\/strong>, sauf pour les enfants en situation de handicap ou en fonction de leur \u00e9tat de sant\u00e9, l\u2019autorisation peut \u00eatre accord\u00e9e pour une dur\u00e9e maximale de trois ann\u00e9es scolaires.<\/p>\n\n\n\n<p>Si l\u2019autorisation est refus\u00e9e, <strong>la famille a seulement 15 jours pour constituer un dossier de recours<\/strong> (RAPO : Recours Administratif Pr\u00e9alable Obligatoire) qui sera examin\u00e9 par une commission pr\u00e9sid\u00e9e par le recteur d\u2019acad\u00e9mie. (<a href=\"https:\/\/www.legifrance.gouv.fr\/jorf\/id\/JORFTEXT000045174607\" data-type=\"URL\" data-id=\"https:\/\/www.legifrance.gouv.fr\/jorf\/id\/JORFTEXT000045174607\" target=\"_blank\" rel=\"noreferrer noopener\">cf.D\u00e9cret n\u00b0 2022-183<\/a>). Pour plus d&rsquo;infos sur les d\u00e9marches \u00e0 effectuer, allez sur l&rsquo;onglet \u00ab\u00a0que faire en cas de refus\u00a0\u00bb.<\/p>\n\n\n\n<p class=\"has-vivid-cyan-blue-color has-text-color\"><strong>Les familles d\u00e9j\u00e0 en instruction en famille<\/strong> ( au cours de l\u2019ann\u00e9e 2021-2022) devront remplir une demande d\u2019autorisation de plein droit d\u2019instruction dans la famille pour les ann\u00e9es scolaires 2022\/2023 et 2023\/2024.&nbsp;<\/p>\n\n\n\n<p>Elles peuvent effectuer cette demande si et seulement si les r\u00e9sultats du contr\u00f4le p\u00e9dagogique de leur enfant (r\u00e9guli\u00e8rement instruit dans la famille) ont \u00e9t\u00e9 jug\u00e9s suffisants. <a href=\"https:\/\/www.legifrance.gouv.fr\/jorf\/article_jo\/JORFARTI000043964862\" data-type=\"URL\" data-id=\"https:\/\/www.legifrance.gouv.fr\/jorf\/article_jo\/JORFARTI000043964862\" target=\"_blank\" rel=\"noreferrer noopener\">(cf Article 49)<\/a><\/p>\n\n\n\n<p>Pour effectuer cette d\u00e9marche, elles compl\u00e8tent le <strong><a href=\"https:\/\/drive.google.com\/file\/d\/1Mxnm35UWT7irwUJgXP6qOp43b8zm_eo1\/view?usp=sharing\" data-type=\"URL\" data-id=\"https:\/\/drive.google.com\/file\/d\/1Mxnm35UWT7irwUJgXP6qOp43b8zm_eo1\/view?usp=sharing\" target=\"_blank\" rel=\"noreferrer noopener\">formulaire Cerfa 1621<\/a><a href=\"https:\/\/drive.google.com\/file\/d\/1Mxnm35UWT7irwUJgXP6qOp43b8zm_eo1\/view?usp=sharing\" data-type=\"URL\" data-id=\"https:\/\/drive.google.com\/file\/d\/1Mxnm35UWT7irwUJgXP6qOp43b8zm_eo1\/view?usp=sharing\">3<\/a>, entre le 1er mars et le 31 mai 2022<\/strong>.<\/p>\n\n\n\n<p><strong>Un formulaire est compl\u00e9t\u00e9 pour chaque enfant instruit dans une m\u00eame famille.<\/strong><\/p>\n\n\n\n<p class=\"has-vivid-red-color has-text-color\"><strong>Les familles concern\u00e9es n\u2019ont pas \u00e0 indiquer le motif pour lequel elles font la demande.<\/strong><\/p>\n\n\n\n<p><strong>Nous vous partageons un visuel r\u00e9sumant les d\u00e9marches et pi\u00e8ces \u00e0 joindre, r\u00e9alis\u00e9 par les associations nationales :<a href=\"https:\/\/drive.google.com\/file\/d\/1dU4wvT9VhK0DoN5u961wjijXqLmaXVKz\/view?usp=sharing\" data-type=\"URL\" data-id=\"https:\/\/drive.google.com\/file\/d\/1dU4wvT9VhK0DoN5u961wjijXqLmaXVKz\/view?usp=sharing\" target=\"_blank\" rel=\"noreferrer noopener\">Visuel pour les familles d\u00e9j\u00e0 IEF<\/a><\/strong><\/p>\n\n\n\n<p>Le formulaire cerfa et les pi\u00e8ces justificatives sont \u00e0 envoyer par courrier \u00e0 la Direction des services d\u00e9partementaux de l\u2019\u00e9ducation nationale (DSDEN) du lieu de r\u00e9sidence de l\u2019enfant, de pr\u00e9f\u00e9rence par lettre recommand\u00e9e avec accus\u00e9 de r\u00e9ception. <strong>Avant d&rsquo;envoyer votre dossier, pensez \u00e0 en sauvegarder une copie <\/strong>(qui vous sera utile en cas de refus).<\/p>\n\n\n\n<p>Apr\u00e8s r\u00e9ception de votre dossier complet, la DSDEN doit vous envoyer un accus\u00e9 de r\u00e9ception ou vous signaler les pi\u00e8ces manquantes au dossier. Vous recevrez ensuite une r\u00e9ponse de la DSDEN dans un d\u00e9lai maximum de deux mois. Pass\u00e9 ce d\u00e9lai et en l\u2019absence de r\u00e9ponse de la DSDEN, votre demande est accept\u00e9e.<\/p>\n\n\n\n<p>Deux mois apr\u00e8s le d\u00e9p\u00f4t de votre dossier et en cas de non r\u00e9ponse de la DSDEN, demandez \u00e0 ce service une attestation d&rsquo;autorisation d&rsquo;IEF pour chacun de vos enfants concern\u00e9s.<\/p>\n\n\n\n<p><strong>Ce formulaire est valable pour les ann\u00e9es 2022-23 et 2023-24.<\/strong>&nbsp;<\/p>\n\n\n\n<p class=\"has-vivid-red-color has-text-color\"><strong>A compter de la rentr\u00e9e scolaire 2024-25 toutes les familles souhaitant pratiquer l\u2019instruction en famille devront remplir le formulaire <a href=\"https:\/\/drive.google.com\/file\/d\/1ytCceqADVfh_rjY13Xqf0x03SJnioqDW\/view?usp=sharing\" data-type=\"URL\" data-id=\"https:\/\/drive.google.com\/file\/d\/1ytCceqADVfh_rjY13Xqf0x03SJnioqDW\/view?usp=sharing\" target=\"_blank\" rel=\"noreferrer noopener\">cerfa 16212<\/a> pour leur demande d&rsquo;autorisation.<\/strong><\/p>\n\n\n\n<p><strong>Cas particulier :<\/strong><\/p>\n\n\n\n<p>Les familles pratiquant d\u00e9j\u00e0 l\u2019instruction en famille et ayant un enfant qui aura 3 ans avant le 31 d\u00e9cembre 2022 devront compl\u00e9ter le formulaire <a href=\"https:\/\/drive.google.com\/file\/d\/1Mxnm35UWT7irwUJgXP6qOp43b8zm_eo1\/view?usp=sharing\" data-type=\"URL\" data-id=\"https:\/\/drive.google.com\/file\/d\/1Mxnm35UWT7irwUJgXP6qOp43b8zm_eo1\/view?usp=sharing\" target=\"_blank\" rel=\"noreferrer noopener\">cerfa 16213<\/a> pour les enfants d\u00e9j\u00e0 en IEF et un formulaire <a href=\"https:\/\/drive.google.com\/file\/d\/1ytCceqADVfh_rjY13Xqf0x03SJnioqDW\/view?usp=sharing\" data-type=\"URL\" data-id=\"https:\/\/drive.google.com\/file\/d\/1ytCceqADVfh_rjY13Xqf0x03SJnioqDW\/view?usp=sharing\" target=\"_blank\" rel=\"noreferrer noopener\">cer<\/a><a href=\"https:\/\/drive.google.com\/file\/d\/1ytCceqADVfh_rjY13Xqf0x03SJnioqDW\/view?usp=sharing\" data-type=\"URL\" data-id=\"https:\/\/drive.google.com\/file\/d\/1ytCceqADVfh_rjY13Xqf0x03SJnioqDW\/view?usp=sharing\">fa 16212<\/a> pour l\u2019enfant qui aura ses 3 ans avant d\u00e9cembre 2022.<\/p>\n\n\n\n<p><strong>Sera -t-il possible de d\u00e9scolariser son enfant en cours d&rsquo;ann\u00e9e&nbsp;?<\/strong><\/p>\n\n\n\n<p>Vous pouvez d\u00e9poser une demande d\u2019autorisation \u00e0 tout moment de l\u2019ann\u00e9e aupr\u00e8s de la DSDEN, dans les cas suivants&nbsp;:<\/p>\n\n\n\n<p>&#8211; motifs tenant \u00e0 l\u2019\u00e9tat de sant\u00e9 de l\u2019enfant, \u00e0 son handicap ou \u00e0 son \u00e9loignement g\u00e9ographique de tout \u00e9tablissement scolaire public apparus post\u00e9rieurement au calendrier de d\u00e9p\u00f4t des demandes.<\/p>\n\n\n\n<p>Dans ce cas, vous devez joindre tout \u00e9l\u00e9ment justifiant que le motif de la demande est apparu post\u00e9rieurement au calendrier de d\u00e9p\u00f4t des demandes (1er mars au 31 mai 2022).  <a href=\"https:\/\/www.legifrance.gouv.fr\/jorf\/article_jo\/JORFARTI000043964862\" data-type=\"URL\" data-id=\"https:\/\/www.legifrance.gouv.fr\/jorf\/article_jo\/JORFARTI000043964862\" target=\"_blank\" rel=\"noreferrer noopener\">(cf Article 49)<\/a><\/p>\n\n\n\n<p>&#8211; Quand l&rsquo;int\u00e9grit\u00e9 physique ou morale de l&rsquo;enfant est menac\u00e9e, vous devez prendre rdv avec le directeur de l\u2019\u00e9tablissement d\u2019enseignement public ou priv\u00e9 dans lequel est inscrit l\u2019enfant. Expliquez-lui votre souhait d&rsquo;instruire votre enfant en famille et demandez-lui de valider ce choix en \u00e9tablissant un avis circonstanci\u00e9 d&rsquo;instruction dans la famille. <a href=\"https:\/\/www.legifrance.gouv.fr\/jorf\/article_jo\/JORFARTI000043964862\" data-type=\"URL\" data-id=\"https:\/\/www.legifrance.gouv.fr\/jorf\/article_jo\/JORFARTI000043964862\" target=\"_blank\" rel=\"noreferrer noopener\">(cf Article 49<\/a> et le d\u00e9cret <a href=\"https:\/\/www.legifrance.gouv.fr\/jorf\/id\/JORFTEXT000045174568\" data-type=\"URL\" data-id=\"https:\/\/www.legifrance.gouv.fr\/jorf\/id\/JORFTEXT000045174568\" target=\"_blank\" rel=\"noreferrer noopener\">2022-1<\/a><a href=\"https:\/\/www.legifrance.gouv.fr\/jorf\/id\/JORFTEXT000045174568\" data-type=\"URL\" data-id=\"https:\/\/www.legifrance.gouv.fr\/jorf\/id\/JORFTEXT000045174568\">82<\/a>)<\/p>\n\n\n\n<p>Contactez la DSDEN du domicile de l&rsquo;enfant, envoyez-lui l&rsquo;avis circonstanci\u00e9 du directeur de l&rsquo;\u00e9tablissement, ainsi que tout autre document utile justifiant que l&rsquo;int\u00e9grit\u00e9 physique ou morale de l&rsquo;enfant est menac\u00e9e (certificat m\u00e9dicale, attestation&#8230;).<\/p>\n\n\n\n<p><strong>Que se passe-t-il en cas de d\u00e9m\u00e9nagement&nbsp;?&nbsp;<\/strong><\/p>\n\n\n\n<p>Vous devez vous r\u00e9f\u00e9rer \u00e0 l&rsquo;article suivant&nbsp;:<\/p>\n\n\n\n<p><a href=\"https:\/\/www.legifrance.gouv.fr\/jorf\/article_jo\/JORFARTI000043964862\" data-type=\"URL\" data-id=\"https:\/\/www.legifrance.gouv.fr\/jorf\/article_jo\/JORFARTI000043964862\" target=\"_blank\" rel=\"noreferrer noopener\">Art. <\/a><a href=\"https:\/\/www.legifrance.gouv.fr\/jorf\/article_jo\/JORFARTI000043964862\" data-type=\"URL\" data-id=\"https:\/\/www.legifrance.gouv.fr\/jorf\/article_jo\/JORFARTI000043964862\">R. 131-11-9<\/a>.-En cas de changement de r\u00e9sidence, les personnes responsables de l&rsquo;enfant ayant re\u00e7u l&rsquo;autorisation pr\u00e9vue \u00e0 l&rsquo;article <a href=\"https:\/\/www.legifrance.gouv.fr\/jorf\/article_jo\/JORFARTI000043964862\" data-type=\"URL\" data-id=\"https:\/\/www.legifrance.gouv.fr\/jorf\/article_jo\/JORFARTI000043964862\" target=\"_blank\" rel=\"noreferrer noopener\">L. <\/a><a href=\"https:\/\/www.legifrance.gouv.fr\/jorf\/article_jo\/JORFARTI000043964862\" data-type=\"URL\" data-id=\"https:\/\/www.legifrance.gouv.fr\/jorf\/article_jo\/JORFARTI000043964862\">131-5<\/a> en informent dans les huit jours le directeur acad\u00e9mique des services de l&rsquo;\u00e9ducation nationale qui a d\u00e9livr\u00e9 l&rsquo;autorisation, lequel en informe les maires des communes concern\u00e9es.<\/p>\n\n\n\n<p>\u00ab En cas de changement de d\u00e9partement, le directeur acad\u00e9mique des services de l&rsquo;\u00e9ducation nationale ayant d\u00e9livr\u00e9 l&rsquo;autorisation mentionn\u00e9e \u00e0 l&rsquo;article <a href=\"https:\/\/www.legifrance.gouv.fr\/jorf\/article_jo\/JORFARTI000043964862\" data-type=\"URL\" data-id=\"https:\/\/www.legifrance.gouv.fr\/jorf\/article_jo\/JORFARTI000043964862\" target=\"_blank\" rel=\"noreferrer noopener\">L. 131-<\/a><a href=\"https:\/\/www.legifrance.gouv.fr\/jorf\/article_jo\/JORFARTI000043964862\" data-type=\"URL\" data-id=\"https:\/\/www.legifrance.gouv.fr\/jorf\/article_jo\/JORFARTI000043964862\">5<\/a> communique en outre une copie de cette autorisation au directeur acad\u00e9mique des services de l&rsquo;\u00e9ducation nationale territorialement comp\u00e9tent qui informe le pr\u00e9sident du conseil d\u00e9partemental de la d\u00e9livrance de l&rsquo;autorisation. \u00bb<\/p>\n\n\n\n<p><strong>Dans quel cas, vous ne pouvez pas demander une autorisation d&rsquo;instruction en famille&nbsp;:<\/strong><\/p>\n\n\n\n<p><a href=\"https:\/\/www.legifrance.gouv.fr\/jorf\/article_jo\/JORFARTI000043964862\" data-type=\"URL\" data-id=\"https:\/\/www.legifrance.gouv.fr\/jorf\/article_jo\/JORFARTI000043964862\" target=\"_blank\" rel=\"noreferrer noopener\">L&rsquo;article<\/a><a href=\"https:\/\/www.legifrance.gouv.fr\/jorf\/article_jo\/JORFARTI000043964862\" data-type=\"URL\" data-id=\"https:\/\/www.legifrance.gouv.fr\/jorf\/article_jo\/JORFARTI000043964862\"> L.131-5<\/a> pr\u00e9cise que\u00a0: Le pr\u00e9sident du conseil d\u00e9partemental et le maire de la commune de r\u00e9sidence de l\u2019enfant sont inform\u00e9s de la d\u00e9livrance de l\u2019autorisation. <strong>Lorsqu\u2019un enfant recevant l\u2019instruction dans la famille ou l\u2019un des enfants du m\u00eame foyer fait l\u2019objet de l\u2019information pr\u00e9occupante<\/strong> pr\u00e9vue \u00e0 <a href=\"https:\/\/www.legifrance.gouv.fr\/codes\/article_lc\/LEGIARTI000032207352\/\" data-type=\"URL\" data-id=\"https:\/\/www.legifrance.gouv.fr\/codes\/article_lc\/LEGIARTI000032207352\/\" target=\"_blank\" rel=\"noreferrer noopener\">l\u2019article L. 226-3 du code de l\u2019action sociale et des familles<\/a>, le pr\u00e9sident du conseil d\u00e9partemental en informe l\u2019autorit\u00e9 de l\u2019\u00c9tat comp\u00e9tente en mati\u00e8re d\u2019\u00e9ducation, qui <strong>peut alors suspendre ou abroger l\u2019autorisation qui a \u00e9t\u00e9 d\u00e9livr\u00e9e aux personnes responsables de l\u2019enfant<\/strong>. Dans cette hypoth\u00e8se, ces derni\u00e8res sont mises en demeure de l\u2019inscrire dans un \u00e9tablissement d\u2019enseignement scolaire, dans les conditions et selon les modalit\u00e9s pr\u00e9vues \u00e0 <a rel=\"noreferrer noopener\" href=\"https:\/\/www.legifrance.gouv.fr\/jorf\/article_jo\/JORFARTI000043964862\" data-type=\"URL\" data-id=\"https:\/\/www.legifrance.gouv.fr\/jorf\/article_jo\/JORFARTI000043964862\" target=\"_blank\">l\u2019article L. 131-5-1<\/a> du pr\u00e9sent code.<\/p>\n\n\n\n<p><\/p>\n","protected":false},"excerpt":{"rendered":"<p>D\u00e9marches \u00e0 effectuer pour la rentr\u00e9e 2022 : A compter de la rentr\u00e9e de septembre 2022 la loi change pour les enfants instruits en famille. En effet l\u2019article 49 de la loi confortant le respect des principes de la R\u00e9publique, paru au JO. le 25\/08\/21,sera appliqu\u00e9e d\u00e8s la rentr\u00e9e de septembre 2022, ainsi que les&#8230;<\/p>\n","protected":false},"author":2,"featured_media":0,"parent":0,"menu_order":0,"comment_status":"closed","ping_status":"closed","template":"nosidebar.php","meta":{"footnotes":""},"class_list":["post-44","page","type-page","status-publish","hentry"],"jetpack_sharing_enabled":true,"_links":{"self":[{"href":"https:\/\/iefdessavoie.fr\/index.php\/wp-json\/wp\/v2\/pages\/44","targetHints":{"allow":["GET"]}}],"collection":[{"href":"https:\/\/iefdessavoie.fr\/index.php\/wp-json\/wp\/v2\/pages"}],"about":[{"href":"https:\/\/iefdessavoie.fr\/index.php\/wp-json\/wp\/v2\/types\/page"}],"author":[{"embeddable":true,"href":"https:\/\/iefdessavoie.fr\/index.php\/wp-json\/wp\/v2\/users\/2"}],"replies":[{"embeddable":true,"href":"https:\/\/iefdessavoie.fr\/index.php\/wp-json\/wp\/v2\/comments?post=44"}],"version-history":[{"count":0,"href":"https:\/\/iefdessavoie.fr\/index.php\/wp-json\/wp\/v2\/pages\/44\/revisions"}],"wp:attachment":[{"href":"https:\/\/iefdessavoie.fr\/index.php\/wp-json\/wp\/v2\/media?parent=44"}],"curies":[{"name":"wp","href":"https:\/\/api.w.org\/{rel}","templated":true}]}}