{"id":430,"date":"2023-07-26T22:47:21","date_gmt":"2023-07-26T20:47:21","guid":{"rendered":"https:\/\/iefdessavoie.fr\/?page_id=430"},"modified":"2023-07-26T22:47:21","modified_gmt":"2023-07-26T20:47:21","slug":"assr-ou-asr","status":"publish","type":"page","link":"https:\/\/iefdessavoie.fr\/index.php\/assr-ou-asr\/","title":{"rendered":"ASSR ou ASR ?"},"content":{"rendered":"\n<h2 class=\"wp-block-heading has-text-align-center\"><strong>Se pr\u00e9parer au permis<\/strong><\/h2>\n\n\n\n<p><\/p>\n\n\n\n<p>Avant l&rsquo;\u00e2ge de 21 ans, il est demand\u00e9 aux candidats au permis de conduire de poss\u00e9der une attestation de s\u00e9curit\u00e9 routi\u00e8re.  <\/p>\n\n\n\n<p>Pour se pr\u00e9parer \u00e0 passer le permis de conduire, les jeunes en IEF peuvent passer l&rsquo;ASSR, avec des conditions qui sont l\u00e9g\u00e8rement diff\u00e9rentes des candidats scolaris\u00e9s. L&rsquo;Attestation de S\u00e9curit\u00e9 Routi\u00e8re (ASR) est un examen alternatif qui peut \u00eatre pass\u00e9 d\u00e8s 16 ans. <\/p>\n\n\n\n<p class=\"has-text-align-center\"><strong>L&rsquo;Attestation Scolaire de S\u00e9curit\u00e9 Routi\u00e8re<\/strong><\/p>\n\n\n\n<p>La plupart des candidats au permis se pr\u00e9sentent avec une Attestation Scolaire de S\u00e9curit\u00e9 Routi\u00e8re (ASSR). D\u00e9coup\u00e9e en ASSR 1 et ASSR 2, elle s&rsquo;obtient dans le cadre d&rsquo;un enseignement obligatoire des r\u00e8gles de s\u00e9curit\u00e9 routi\u00e8re. Les 2 niveaux sont d\u00e9livr\u00e9s pendant le temps scolaire apr\u00e8s un contr\u00f4le des connaissances th\u00e9oriques, en cinqui\u00e8me et en troisi\u00e8me.<\/p>\n\n\n\n<p>Les jeunes en IEF peuvent passer l&rsquo;examen en candidat libre au sein d&rsquo;un \u00e9tablissement scolaire : il faut en faire la demande par courrier <a rel=\"noreferrer noopener\" href=\"https:\/\/lannuaire.service-public.fr\/navigation\/inspection_academique\" target=\"_blank\">au DESDEN de votre d\u00e9partement<\/a>, d\u00e8s la rentr\u00e9e scolaire. Attention, ils doivent avoir 14 ans r\u00e9volus pour pr\u00e9senter l&rsquo;ASSR 1 et 16 ans r\u00e9volus pour l&rsquo;ASSR 2 mais vous pouvez faire votre demande avant leur anniversaire, id\u00e9alement entre septembre et d\u00e9cembre. Un courrier accusant r\u00e9ception de la demande vous sera adress\u00e9.<\/p>\n\n\n\n<p>La DESDEN vous demandera les justificatifs suivants :<\/p>\n\n\n\n<p>&#8211; une lettre sign\u00e9e des repr\u00e9sentants l\u00e9gaux, demandant l&rsquo;inscription aux \u00e9preuves de l&rsquo;ASSR<\/p>\n\n\n\n<p>&#8211; un justificatif d&rsquo;instruction dans la famille pour l&rsquo;ann\u00e9e en cours<\/p>\n\n\n\n<p>&#8211; un justificatif de domicile<\/p>\n\n\n\n<p>&#8211; une photocopie de la carte d&rsquo;identit\u00e9 du candidat<\/p>\n\n\n\n<p>Votre enfant sera inscrit en candidat libre dans un \u00e9tablissement scolaire proche de son domicile et passera l&rsquo;\u00e9preuve en m\u00eame temps que les candidats scolaris\u00e9s.<\/p>\n\n\n\n<p><strong>Attention<\/strong> : si votre enfant a eu 16 ans avant que ne commence la rentr\u00e9e scolaire, il ne dispose pas d&rsquo;un justificatif d&rsquo;instruction dans la famille pour l&rsquo;ann\u00e9e en cours puisqu&rsquo;il n&rsquo;est plus concern\u00e9 par l&rsquo;obligation d&rsquo;instruction.<\/p>\n\n\n\n<p><br>De plus, l&rsquo;ASSR \u00e9tant une attestation <em>scolaire<\/em>, les candidats libres se retrouvent dans une situation floue. Ainsi, certains DSDEN refusent le passage de l&rsquo;ASSR 2 aux enfants qui ont eu 16 ans apr\u00e8s le 31 d\u00e9cembre de l&rsquo;ann\u00e9e scolaire en cours. Le plus simple est encore de passer l&rsquo;Attestation de S\u00e9curit\u00e9 Routi\u00e8re. <br><br><\/p>\n\n\n\n<p><\/p>\n\n\n\n<p class=\"has-text-align-center\"><strong>L&rsquo;Attestation de S\u00e9curit\u00e9 Routi\u00e8re <\/strong><\/p>\n\n\n\n<p> L&rsquo;ASR vous permet de vous inscrire au permis de conduire mais aussi au <a rel=\"noreferrer noopener\" href=\"https:\/\/www.service-public.fr\/particuliers\/vosdroits\/F2890\" target=\"_blank\">Brevet de S\u00e9curit\u00e9 Routi\u00e8re<\/a> (BSR) qui donne le droit de conduire un scooter et une voiturette avant 18 ans. C&rsquo;est la solution la plus simple pour les jeunes en IEF. Contrairement \u00e0 l&rsquo;ASSR, l&rsquo;ASR se passe en une seule session. Elle concerne les jeunes dans la situation suivante : <\/p>\n\n\n\n<p>1. ayant entre 16 et 21 ans<\/p>\n\n\n\n<p>2. n&rsquo;\u00e9tant pas scolaris\u00e9 ou bien \u00e9tant en apprentissage<\/p>\n\n\n\n<p>3. n&rsquo;ayant pas obtenu l&rsquo;ASSR 2.<\/p>\n\n\n\n<p><em>N.B. Poss\u00e9der l&rsquo;ASSR 1 n&#8217;emp\u00eache pas de passer l&rsquo;ASR, puisque vous n&rsquo;avez valid\u00e9 qu&rsquo;une partie, et pas l&rsquo;enti\u00e8ret\u00e9, de l&rsquo;ASSR. <\/em><\/p>\n\n\n\n<p>L&rsquo;obtention de l&rsquo;ASR permet de valider la partie th\u00e9orique du Brevet de S\u00e9curit\u00e9 Routi\u00e8re et de s&rsquo;inscrire en conduite accompagn\u00e9e. L&rsquo;ASR se passe dans un \u00e9tablissement scolaire qui dispose d&rsquo;un <a rel=\"noreferrer noopener\" href=\"https:\/\/eduscol.education.fr\/402\/centres-d-examen-asr\" target=\"_blank\">GRETA<\/a>. Cet examen est gratuit. <\/p>\n\n\n\n<p><\/p>\n\n\n\n<p><br><\/p>\n\n\n\n<p>Sur <a rel=\"noreferrer noopener\" href=\"https:\/\/codedelaroute.io\/blog\/passer-assr-1-2-asr-aer\/\" target=\"_blank\">ce site<\/a>, vous trouverez des informations pratiques pour vous inscrire et <a rel=\"noreferrer noopener\" href=\"https:\/\/e-assr.education-securite-routiere.fr\/preparer\/assr\" target=\"_blank\">sur celui-ci<\/a> des tests gratuits pour pr\u00e9parer l&rsquo;examen de votre choix. Une fois l&rsquo;un de ces deux examens r\u00e9ussi, vous pourrez vous inscrire \u00e0 l&rsquo;<a href=\"https:\/\/www.service-public.fr\/particuliers\/vosdroits\/F33694\" target=\"_blank\" rel=\"noreferrer noopener\">examen du code de la route<\/a>. <\/p>\n\n\n\n<p>Rappel : pour pr\u00e9senter l&rsquo;examen du permis de conduire, vous devez avoir effectu\u00e9 votre Journ\u00e9e D\u00e9fense et Citoyennet\u00e9 ou obtenu une d\u00e9rogation.<\/p>\n\n\n\n<p>Vous trouverez ici plus de renseignements sur l&rsquo;<a rel=\"noreferrer noopener\" href=\"https:\/\/www.service-public.fr\/particuliers\/vosdroits\/F16548\" target=\"_blank\">ASSR<\/a>, sur l&rsquo;<a rel=\"noreferrer noopener\" href=\"https:\/\/www.service-public.fr\/particuliers\/vosdroits\/F16511\" target=\"_blank\">ASR<\/a>, sur le <a rel=\"noreferrer noopener\" href=\"https:\/\/www.service-public.fr\/particuliers\/vosdroits\/F2828\" target=\"_blank\">permis B<\/a> et sur l&rsquo;<a href=\"https:\/\/www.service-public.fr\/particuliers\/vosdroits\/F2826\" target=\"_blank\" rel=\"noreferrer noopener\">Apprentissage Anticip\u00e9 de la Conduite<\/a> (AAC). <\/p>\n\n\n\n<p><\/p>\n\n\n\n<p><\/p>\n","protected":false},"excerpt":{"rendered":"<p>Se pr\u00e9parer au permis Avant l&rsquo;\u00e2ge de 21 ans, il est demand\u00e9 aux candidats au permis de conduire de poss\u00e9der une attestation de s\u00e9curit\u00e9 routi\u00e8re. Pour se pr\u00e9parer \u00e0 passer le permis de conduire, les jeunes en IEF peuvent passer l&rsquo;ASSR, avec des conditions qui sont l\u00e9g\u00e8rement diff\u00e9rentes des candidats scolaris\u00e9s. L&rsquo;Attestation de S\u00e9curit\u00e9 Routi\u00e8re&#8230;<\/p>\n","protected":false},"author":4,"featured_media":0,"parent":0,"menu_order":0,"comment_status":"closed","ping_status":"closed","template":"","meta":{"footnotes":""},"class_list":["post-430","page","type-page","status-publish","hentry"],"jetpack_sharing_enabled":true,"_links":{"self":[{"href":"https:\/\/iefdessavoie.fr\/index.php\/wp-json\/wp\/v2\/pages\/430","targetHints":{"allow":["GET"]}}],"collection":[{"href":"https:\/\/iefdessavoie.fr\/index.php\/wp-json\/wp\/v2\/pages"}],"about":[{"href":"https:\/\/iefdessavoie.fr\/index.php\/wp-json\/wp\/v2\/types\/page"}],"author":[{"embeddable":true,"href":"https:\/\/iefdessavoie.fr\/index.php\/wp-json\/wp\/v2\/users\/4"}],"replies":[{"embeddable":true,"href":"https:\/\/iefdessavoie.fr\/index.php\/wp-json\/wp\/v2\/comments?post=430"}],"version-history":[{"count":0,"href":"https:\/\/iefdessavoie.fr\/index.php\/wp-json\/wp\/v2\/pages\/430\/revisions"}],"wp:attachment":[{"href":"https:\/\/iefdessavoie.fr\/index.php\/wp-json\/wp\/v2\/media?parent=430"}],"curies":[{"name":"wp","href":"https:\/\/api.w.org\/{rel}","templated":true}]}}