{"id":424,"date":"2023-07-21T18:10:31","date_gmt":"2023-07-21T16:10:31","guid":{"rendered":"https:\/\/iefdessavoie.fr\/?page_id=424"},"modified":"2023-07-21T18:10:31","modified_gmt":"2023-07-21T16:10:31","slug":"le-baccalaureat-et-ses-alternatives-quel-passeport-pour-lenseignement-superieur","status":"publish","type":"page","link":"https:\/\/iefdessavoie.fr\/index.php\/le-baccalaureat-et-ses-alternatives-quel-passeport-pour-lenseignement-superieur\/","title":{"rendered":"Le baccalaur\u00e9at et ses alternatives"},"content":{"rendered":"\n<h2 class=\"wp-block-heading has-text-align-center\"><mark style=\"background-color:rgba(0, 0, 0, 0)\" class=\"has-inline-color has-vivid-cyan-blue-color\">Quel passeport pour l&rsquo;enseignement sup\u00e9rieur ?<\/mark><\/h2>\n\n\n\n<p>En France, l&rsquo;inscription dans l&rsquo;enseignement sup\u00e9rieur est conditionn\u00e9e \u00e0 l&rsquo;obtention d&rsquo;un dipl\u00f4me attestant du niveau d&rsquo;\u00e9ducation secondaire de l&rsquo;\u00e9tudiant. Plusieurs choix s&rsquo;offrent aux jeunes en IEF qui souhaitent suivre des \u00e9tudes sup\u00e9rieures. Cet article s&rsquo;adresse \u00e9galement aux adultes qui souhaitent faire reconna\u00eetre leurs comp\u00e9tences.<\/p>\n\n\n\n<p class=\"has-text-align-center\"><strong>Le baccalaur\u00e9at en candidat libre <\/strong><\/p>\n\n\n\n<p><\/p>\n\n\n\n<p class=\"has-text-align-left\">Le nouveau bac impulse un nouveau tempo et une nouvelle approche des \u00e9preuves. <\/p>\n\n\n\n<p class=\"has-text-align-left\">Depuis la r\u00e9forme du baccalaur\u00e9at (2021), les modalit\u00e9s de passage en candidat libre ont \u00e9volu\u00e9. Il est toujours possible de se porter candidat \u00e0 l&rsquo;examen sans \u00eatre inscrit dans un \u00e9tablissement scolaire, mais il faudra bien conna\u00eetre le nouveau calendrier des \u00e9preuves, remani\u00e9 en profondeur par le contr\u00f4le continu. Notez qu&rsquo;un nombre important d&rsquo;\u00e9preuves se passent en premi\u00e8re. <\/p>\n\n\n\n<ul class=\"wp-block-list\">\n<li><em>Comment s&rsquo;inscrire ?<\/em><\/li>\n<\/ul>\n\n\n\n<p class=\"has-text-align-left\">Les candidats libres (appel\u00e9s \u00ab&nbsp;candidats individuels&nbsp;\u00bb dans les textes officiels) s&rsquo;inscrivent aupr\u00e8s du rectorat de leur acad\u00e9mie de rattachement. Demandez le calendrier des \u00e9preuves \u00e0 la Division des Examens et Concours (DEC) de votre rectorat.<\/p>\n\n\n\n<p class=\"has-text-align-left\">Attention aux dates limites d&rsquo;inscription : elles ne sont pas nationales ! Chaque acad\u00e9mie dispose de son propre calendrier. En g\u00e9n\u00e9ral, les inscriptions aux \u00e9preuves terminales se font entre octobre et mi-novembre. Elles peuvent aller jusqu&rsquo;\u00e0 mi-d\u00e9cembre pour les \u00e9preuves anticip\u00e9es, c\u2019est-\u00e0-dire pour l&rsquo;oral et l&rsquo;\u00e9crit de fran\u00e7ais. Soyez vigilants. <\/p>\n\n\n\n<p>Cliquez ici pour obtenir des informations compl\u00e9mentaires pour l&rsquo;acad\u00e9mie de <a rel=\"noreferrer noopener\" href=\"https:\/\/www1.ac-grenoble.fr\/article\/inscriptions-aux-epreuves-terminales-du-baccalaureat-general-et-technologique-121945\" target=\"_blank\">Grenoble<\/a> ou pour celle de <a rel=\"noreferrer noopener\" href=\"https:\/\/www.ac-lyon.fr\/le-baccalaureat-general-121469\" target=\"_blank\">Lyon<\/a>. <\/p>\n\n\n\n<ul class=\"wp-block-list\">\n<li><em>Quelles sont les nouvelles \u00e9preuves ?<\/em><\/li>\n<\/ul>\n\n\n\n<p class=\"has-text-align-left\">&#8211; Le contr\u00f4le continu est remplac\u00e9 par des \u00e9preuves ponctuelles pour les candidats libres. Elles comptent pour 40% de la moyenne.<\/p>\n\n\n\n<p class=\"has-text-align-left\">&#8211; Les \u00e9preuves terminales repr\u00e9sentent 60% de la moyenne. Elles se composent des \u00e9preuves anticip\u00e9es de fran\u00e7ais (en fin de premi\u00e8re), puis de l&rsquo;\u00e9preuve de philosophie, des deux \u00e9preuves de sp\u00e9cialit\u00e9 et du Grand Oral en terminale.<\/p>\n\n\n\n<p class=\"has-text-align-left\">&#8211; Les candidats choisissent trois sp\u00e9cialit\u00e9s en classe de premi\u00e8re, et en abandonnent une avant la terminale. La sp\u00e9cialit\u00e9 abandonn\u00e9e donne lieu \u00e0 une \u00e9valuation en fin de premi\u00e8re. Plus d&rsquo;informations <a rel=\"noreferrer noopener\" href=\"https:\/\/www.education.gouv.fr\/reussir-au-lycee\/choisir-ses-enseignements-de-specialite-au-lycee-pour-preparer-ses-etudes-superieures-325475\" target=\"_blank\">ici<\/a>. <\/p>\n\n\n\n<p class=\"has-text-align-left\"><mark style=\"background-color:rgba(0, 0, 0, 0)\" class=\"has-inline-color has-vivid-cyan-blue-color\">Attention au choix des sp\u00e9cialit\u00e9s<\/mark> : renseignez-vous bien sur les formations accessibles avec telle ou telle \u00ab\u00a0formule\u00a0\u00bb. Beaucoup exigent des sp\u00e9cialit\u00e9s sp\u00e9cifiques, sans quoi votre dossier aura peu de chances d&rsquo;\u00eatre pris en consid\u00e9ration.<\/p>\n\n\n\n<ul class=\"wp-block-list\">\n<li><em>Comment est \u00e9valu\u00e9 le contr\u00f4le continu pour les candidats libres ?<\/em><\/li>\n<\/ul>\n\n\n\n<p class=\"has-text-align-left\">Les \u00e9preuves ponctuelles sont l\u00e0 pour remplacer le contr\u00f4le continu. Voici la liste des mati\u00e8res concern\u00e9es :<\/p>\n\n\n\n<p class=\"has-text-align-left\">&#8211; Histoire-g\u00e9ographie<\/p>\n\n\n\n<p class=\"has-text-align-left\">&#8211; Langue vivante 1<\/p>\n\n\n\n<p class=\"has-text-align-left\">&#8211; Langue vivante 2<\/p>\n\n\n\n<p class=\"has-text-align-left\">&#8211; Celle des sp\u00e9cialit\u00e9s suivies en premi\u00e8re que l&rsquo;on a choisi d&rsquo;abandonner en terminale <\/p>\n\n\n\n<p class=\"has-text-align-left\">&#8211; Enseignement moral et civique<\/p>\n\n\n\n<p>&#8211; Enseignement scientifique en voie g\u00e9n\u00e9rale, math\u00e9matiques en voie technologique<\/p>\n\n\n\n<p class=\"has-text-align-left\">&#8211; Enseignement Physique et Sportif<\/p>\n\n\n\n<p>&#8211; Option facultative  : renseignez-vous sur les options disponibles dans votre acad\u00e9mie, notamment si vous choisissez une \u00e9preuve sportive ou une langue r\u00e9gionale.<\/p>\n\n\n\n<p>Hormis leur \u00e9preuve de sp\u00e9cialit\u00e9 abandonn\u00e9e, les candidats individuels passent ces \u00e9preuves une premi\u00e8re fois sur le programme de premi\u00e8re, puis sur celui de terminale l&rsquo;ann\u00e9e suivante. Au final, le nouveau baccalaur\u00e9at se passe en deux ans. <\/p>\n\n\n\n<ul class=\"wp-block-list\">\n<li><em>Les candidats libres sont-ils astreints au m\u00eame rythme que les candidats scolaires ?  <\/em><\/li>\n<\/ul>\n\n\n\n<p class=\"has-text-align-left\">Les candidats libres ont la possibilit\u00e9 de passer leur bac sur deux ans, comme les \u00e9l\u00e8ves qui suivent leur scolarit\u00e9 dans un lyc\u00e9e, ou de le passer en un an. Les \u00e9preuves ponctuelles remplacent le contr\u00f4le continu : elles sont con\u00e7ues pour refl\u00e9ter le programme de Premi\u00e8re et de Terminale. Passer le bac sur deux ans permet de r\u00e9partir ses efforts et de pr\u00e9parer efficacement les \u00e9preuves finales.  <\/p>\n\n\n\n<p class=\"has-text-align-left\">Ainsi, les candidats qui souhaiteraient passer l&rsquo;ensemble de leurs \u00e9preuves ponctuelles la m\u00eame ann\u00e9e seront \u00e9valu\u00e9s d&rsquo;un coup sur l&rsquo;ensemble des programmes de premi\u00e8re et de terminale. Attention, les r\u00e9visions seront tr\u00e8s charg\u00e9es.<\/p>\n\n\n\n<p class=\"has-text-align-left\">Notez que les \u00e9preuves anticip\u00e9es se passent toujours en Premi\u00e8re, \u00e0 moins que le candidat n&rsquo;ait plus de 21 ans et se trouve dans une situation particuli\u00e8re, auquel cas il peut pr\u00e9senter l&rsquo;ensemble des \u00e9preuves en m\u00eame temps. <\/p>\n\n\n\n<p class=\"has-text-align-left\">Pour plus d&rsquo;informations sur les modalit\u00e9s g\u00e9n\u00e9rales, <a href=\"https:\/\/eduscol.education.fr\/2343\/candidats-individuels-au-baccalaureat-general-et-au-baccalaureat-technologique\" target=\"_blank\" rel=\"noreferrer noopener\">cliquez ici<\/a>. L&rsquo;inscription : <a rel=\"noreferrer noopener\" href=\"https:\/\/eduscol.education.fr\/2556\/inscriptions-au-baccalaureat-general-et-technologique\" target=\"_blank\">cliquez ici<\/a>. Les \u00e9preuves et leurs coefficients : <a rel=\"noreferrer noopener\" href=\"https:\/\/eduscol.education.fr\/727\/detail-des-epreuves-du-baccalaureat-general\" target=\"_blank\">c&rsquo;est par ici<\/a>. <\/p>\n\n\n\n<p>Quelques-unes des ressources disponibles pour pr\u00e9parer les \u00e9preuves :<\/p>\n\n\n\n<p>&#8211; de <a href=\"https:\/\/eduscol.education.fr\/3067\/annales-des-epreuves-du-baccalaureat\" target=\"_blank\" rel=\"noreferrer noopener\">nombreuses annales<\/a>, y compris pour les \u00e9preuves d\u2019option<\/p>\n\n\n\n<p>&#8211; des ressources pour la <a href=\"https:\/\/www.lumni.fr\/lycee\/premiere\" target=\"_blank\" rel=\"noreferrer noopener\">Premi\u00e8re<\/a> et la <a href=\"https:\/\/www.lumni.fr\/lycee\/terminale\" target=\"_blank\" rel=\"noreferrer noopener\">Terminale<\/a> sur Lumni<\/p>\n\n\n\n<p>&#8211; des <a href=\"https:\/\/gallica.bnf.fr\/html\/und\/litteratures\/les-classiques-de-la-litterature?mode=desktop\" target=\"_blank\" rel=\"noreferrer noopener\">classiques de la litt\u00e9rature fran\u00e7aise<\/a> \u00e0 t\u00e9l\u00e9charger sur Gallica<\/p>\n\n\n\n<p>&#8211; des <a href=\"https:\/\/www.apmep.fr\/Annales-du-Bac-Terminale\" target=\"_blank\" rel=\"noreferrer noopener\">annales corrig\u00e9es<\/a> par l\u2019Association Nationale des Professeurs de Math\u00e9matiques<\/p>\n\n\n\n<p>&#8211; de <a href=\"https:\/\/www.radiofrance.fr\/franceculture\" target=\"_blank\" rel=\"noreferrer noopener\">nombreux podcasts <\/a>pour r\u00e9viser son bac sont \u00e0 chercher sur le site de France Culture<\/p>\n\n\n\n<p>&#8211; des ressources pour <a rel=\"noreferrer noopener\" href=\"https:\/\/eduscol.education.fr\/1681\/programmes-et-ressources-en-enseignement-moral-et-civique-voie-gt\" target=\"_blank\">l&rsquo;Enseignement Moral et Civique<\/a> au lyc\u00e9e et pour <a href=\"https:\/\/eduscol.education.fr\/1702\/programmes-et-ressources-en-philosophie-voie-gt\" target=\"_blank\" rel=\"noreferrer noopener\">la philosophie<\/a><\/p>\n\n\n\n<p class=\"has-text-align-center\">*****<\/p>\n\n\n\n<p class=\"has-text-align-center\"><strong>Faire reconna\u00eetre ses comp\u00e9tences ou acc\u00e9der aux \u00e9tudes sup\u00e9rieures par d&rsquo;autres voies<\/strong><\/p>\n\n\n\n<p>Les parents ayant fait le choix de l&rsquo;Instruction En Famille au motif 4 pr\u00e9vu par la <a rel=\"noreferrer noopener\" href=\"https:\/\/www.legifrance.gouv.fr\/jorf\/article_jo\/JORFARTI000043964862\" target=\"_blank\">loi Confortant les Principes de la R\u00e9publique<\/a>, \u00e0 savoir la situation propre de l&rsquo;enfant, doivent d\u00e9sormais justifier d&rsquo;un niveau \u00e9quivalent au baccalaur\u00e9at. Vous trouverez ici quelques pistes, non seulement pour vous, mais aussi pour vos enfants s&rsquo;ils souhaitent passer d&rsquo;autres dipl\u00f4mes, parfois moins connus, que le bac. <\/p>\n\n\n\n<p><\/p>\n\n\n\n<p><\/p>\n\n\n\n<p><\/p>\n\n\n\n<p class=\"has-text-align-center\"><strong>Le Dipl\u00f4me d&rsquo;Acc\u00e8s aux \u00c9tudes Universitaires  : DAEU<\/strong><\/p>\n\n\n\n<p class=\"has-text-align-left\">Ce dipl\u00f4me est destin\u00e9 \u00e0 des personnes un peu plus \u00e2g\u00e9es et concerne une reprise d&rsquo;\u00e9tude apr\u00e8s interruption. Il se pr\u00e9pare et se passe au sein d&rsquo;une universit\u00e9, en pr\u00e9sentiel ou en distanciel. Il est n\u00e9cessaire de remplir des conditions sp\u00e9cifiques d&rsquo;\u00e2ge et de situation.<\/p>\n\n\n\n<p class=\"has-text-align-left\">D&rsquo;abord, il faut avoir interrompu ses \u00e9tudes initiales depuis au moins 2 ans. Ensuite, le candidat est dans l&rsquo;une de ces deux situations :<\/p>\n\n\n\n<p class=\"has-text-align-left\">\u2013 avoir au minimum 20 ans au 1er octobre de l&rsquo;ann\u00e9e de l&rsquo;examen et justifier de deux ans de travail salari\u00e9 ou de deux ans de cotisations \u00e0 la s\u00e9curit\u00e9 sociale (p\u00e9riodes d&rsquo;inscription \u00e0 <a href=\"https:\/\/www.pole-emploi.fr\/accueil\/\" target=\"_blank\" rel=\"noreferrer noopener\">France Travail<\/a>, formation professionnelle ou autre).<\/p>\n\n\n\n<p class=\"has-text-align-left\">\u2013 avoir 24 ans au 1er octobre de l&rsquo;ann\u00e9e de l&rsquo;examen.<\/p>\n\n\n\n<p class=\"has-text-align-left\">Le candidat passe au minimum 4 mati\u00e8res, dont deux sont obligatoires et deux sont optionnelles. Les mati\u00e8res optionnelles varient suivant les universit\u00e9s.<\/p>\n\n\n\n<p class=\"has-text-align-left\">\u2013 Option A : litt\u00e9raire et juridique. Mati\u00e8res obligatoires : fran\u00e7ais (litt\u00e9rature et civilisation) et langues vivantes. Options possibles : histoire, g\u00e9ographie, math\u00e9matiques, etc.<\/p>\n\n\n\n<p class=\"has-text-align-left\">\u2013 Option B : scientifique. Mati\u00e8res obligatoires : fran\u00e7ais (compr\u00e9hension \u00e9crite, r\u00e9sum\u00e9 de texte) et math\u00e9matiques. Options possibles : physique, chimie, SVT, etc.<\/p>\n\n\n\n<p class=\"has-text-align-left\">Plus de d\u00e9tails <a rel=\"noreferrer noopener\" href=\"https:\/\/www.daeu.fr\/\" target=\"_blank\">sur le site consacr\u00e9<\/a>.<\/p>\n\n\n\n<p><\/p>\n\n\n\n<p><\/p>\n\n\n\n<p class=\"has-text-align-center\"><strong>Et toutes les autres<\/strong> <strong>voies<\/strong><\/p>\n\n\n\n<p>Il existe de nombreuses formations reconnues \u00e9quivalentes au baccalaur\u00e9at, et plusieurs moyens de faire reconna\u00eetre ses comp\u00e9tences professionnelles ou b\u00e9n\u00e9voles. Nous vous invitons \u00e0 consulter le kit \u00ab\u00a0Passe ton bac par la VAE\u00a0\u00bb de la f\u00e9d\u00e9ration FELICIA, dont l&rsquo;association IEF des Savoie est co-fondatrice. Tr\u00e8s complet, il est publi\u00e9 sur <a rel=\"noreferrer noopener\" href=\"https:\/\/federation-felicia.org\/2022\/08\/09\/pass-ton-bac-par-vae\/\" target=\"_blank\">leur site<\/a>. <\/p>\n\n\n\n<p>Pour avoir une vue d&rsquo;ensemble des dipl\u00f4mes en France, vous pouvez consulter cette <a rel=\"noreferrer noopener\" href=\"https:\/\/fr.wikipedia.org\/wiki\/Liste_des_dipl%C3%B4mes_en_France\" target=\"_blank\">page Wikip\u00e9dia<\/a>. Les sources de l&rsquo;article (en bas de page) vous renverront sur des sites minist\u00e9riels de r\u00e9f\u00e9rence.<\/p>\n\n\n\n<p>N&rsquo;h\u00e9sitez pas \u00e0 faire reconna\u00eetre vos comp\u00e9tences ! La validation des acquis peut se r\u00e9v\u00e9ler utile \u00e0 tout moment de la vie, que vous ayez ou non votre bac. Pour instruire vos enfants, commencer un nouvel emploi ou pour votre accomplissement personnel, cette d\u00e9marche ouvre de nombreuses perspectives. <\/p>\n\n\n\n<p class=\"has-text-align-right\"><em>\u00ab\u00a0Caminante, no hay camino<br>Se hace camino al andar\u00a0\u00bb<\/em> <br>Antonio Machado<\/p>\n\n\n\n<p><\/p>\n\n\n\n<p><\/p>\n\n\n\n<p><\/p>\n\n\n\n<p><\/p>\n\n\n\n<p><\/p>\n\n\n\n<p><\/p>\n","protected":false},"excerpt":{"rendered":"<p>Quel passeport pour l&rsquo;enseignement sup\u00e9rieur ? En France, l&rsquo;inscription dans l&rsquo;enseignement sup\u00e9rieur est conditionn\u00e9e \u00e0 l&rsquo;obtention d&rsquo;un dipl\u00f4me attestant du niveau d&rsquo;\u00e9ducation secondaire de l&rsquo;\u00e9tudiant. Plusieurs choix s&rsquo;offrent aux jeunes en IEF qui souhaitent suivre des \u00e9tudes sup\u00e9rieures. Cet article s&rsquo;adresse \u00e9galement aux adultes qui souhaitent faire reconna\u00eetre leurs comp\u00e9tences. Le baccalaur\u00e9at en candidat libre&#8230;<\/p>\n","protected":false},"author":4,"featured_media":0,"parent":0,"menu_order":0,"comment_status":"closed","ping_status":"closed","template":"","meta":{"footnotes":""},"class_list":["post-424","page","type-page","status-publish","hentry"],"jetpack_sharing_enabled":true,"_links":{"self":[{"href":"https:\/\/iefdessavoie.fr\/index.php\/wp-json\/wp\/v2\/pages\/424","targetHints":{"allow":["GET"]}}],"collection":[{"href":"https:\/\/iefdessavoie.fr\/index.php\/wp-json\/wp\/v2\/pages"}],"about":[{"href":"https:\/\/iefdessavoie.fr\/index.php\/wp-json\/wp\/v2\/types\/page"}],"author":[{"embeddable":true,"href":"https:\/\/iefdessavoie.fr\/index.php\/wp-json\/wp\/v2\/users\/4"}],"replies":[{"embeddable":true,"href":"https:\/\/iefdessavoie.fr\/index.php\/wp-json\/wp\/v2\/comments?post=424"}],"version-history":[{"count":0,"href":"https:\/\/iefdessavoie.fr\/index.php\/wp-json\/wp\/v2\/pages\/424\/revisions"}],"wp:attachment":[{"href":"https:\/\/iefdessavoie.fr\/index.php\/wp-json\/wp\/v2\/media?parent=424"}],"curies":[{"name":"wp","href":"https:\/\/api.w.org\/{rel}","templated":true}]}}