{"id":31,"date":"2021-08-15T08:16:31","date_gmt":"2021-08-15T06:16:31","guid":{"rendered":"https:\/\/iefdessavoie.fr\/?page_id=31"},"modified":"2021-08-15T08:16:31","modified_gmt":"2021-08-15T06:16:31","slug":"pourquoi-adherer","status":"publish","type":"page","link":"https:\/\/iefdessavoie.fr\/index.php\/pourquoi-adherer\/","title":{"rendered":"Pourquoi adh\u00e9rer ?"},"content":{"rendered":"\n<p><strong>Au sein de l\u2019association IEF des Savoie nous avons besoin du soutien de chacun d\u2019entre vous.<\/strong><\/p>\n\n\n\n<p>En effet, votre adh\u00e9sion nous est pr\u00e9cieuse pour le bon fonctionnement de l\u2019association qui a \u00e9t\u00e9 cr\u00e9e <strong>par<\/strong> et <strong>pour<\/strong> des parents en IEF, afin quelle soit <strong>un outil <\/strong>pour tout un chacun dans cette merveilleuse aventure qu\u2019est l\u2019IEF.<\/p>\n\n\n\n<p>Choisir de se regrouper en association c\u2019est avant tout, partager des valeurs communes&nbsp;!<\/p>\n\n\n\n<p><strong>Plus le nombre d\u2019adh\u00e9rents est important au sein d\u2019une association, plus sa raison d\u2019exister et d\u2019\u00eatre entendue est grande!<\/strong> En particulier, lorsque nous effectuons des d\u00e9marches comme des dossiers de subventions ou que nous contactons des politiques ou institutions pour faire respecter les droits des familles en IEF.<\/p>\n\n\n\n<p><strong>Adh\u00e9rer \u00e0 l\u2019association IEF des Savoie, c\u2019est aussi faire le choix de la soutenir dans ses actions :<\/strong><\/p>\n\n\n\n<p>\u2013 Organisation de divers ateliers, sorties, rencontres, f\u00eates et grands jeux pour les familles\u2026<\/p>\n\n\n\n<p>\u2013 Mise en place et gestion du partenariat avec la mjc des Romains \u00e0 Annecy (le partenariat permet notamment l\u2019obtention d\u2019une salle gratuite trois vendredis apr\u00e8s-midis par mois, pour des rencontres entre familles ief).<\/p>\n\n\n\n<p>\u2013 Organisation de deux grands jeux \u00e0 la MJC des Romains.<\/p>\n\n\n\n<p>\u2013 Cr\u00e9ation et constitution d\u2019un fond pour la bo\u00eete \u00e0 ressources.<\/p>\n\n\n\n<p>\u2013 Organisation des soir\u00e9es partage d\u2019exp\u00e9rience sur l\u2019IEF.<\/p>\n\n\n\n<p>\u2013 R\u00e9daction de courriers collectifs aux d\u00e9put\u00e9s, s\u00e9nateurs, DSDEN, lorsqu\u2019il s\u2019agit de faire respecter les droits des familles en IEF.<\/p>\n\n\n\n<p><strong>Sans oublier :<\/strong><\/p>\n\n\n\n<p>\u2013 La cr\u00e9ation, gestion et mod\u00e9ration du forum priv\u00e9 de discussion.<\/p>\n\n\n\n<p>\u2013 La cr\u00e9ation et mise \u00e0 jour r\u00e9guli\u00e8re du site internet o\u00f9 chacun peut puiser de nombreuses informations.<\/p>\n\n\n\n<p>\u2013 Apporter des r\u00e9ponses \u00e0 vos nombreux questionnements par mail, t\u00e9l\u00e9phone\u2026<\/p>\n\n\n\n<p><strong>Enfin, adh\u00e9rer c\u2019est avant tout, faire parti d\u2019un r\u00e9seau qui fait valoir notre choix et lui donne du poids.<\/strong><\/p>\n\n\n\n<p><strong>Vous vous demandez encore pourquoi adh\u00e9rer \u00e0 l\u2019association IEF des Savoie?<\/strong><\/p>\n\n\n\n<p><strong>L\u2019adh\u00e9sion vous apporte \u00e9galement de nombreux avantages:<\/strong><\/p>\n\n\n\n<p>\u2013  L&rsquo;acc\u00e8s aux sorties\/activit\u00e9s\/rencontres organis\u00e9es par l\u2019association<\/p>\n\n\n\n<p>\u2013 Des tarifs pr\u00e9f\u00e9rentiels pour les sorties organis\u00e9es par l\u2019association<\/p>\n\n\n\n<p>&#8211;  De l&rsquo;aide dans la constitution des dossiers de demande d&rsquo;autorisation IEF et de l&rsquo;aide en cas de refus pour constituer les dossiers de recours.<\/p>\n\n\n\n<p>\u2013 L\u2019acc\u00e8s \u00e0 la bo\u00eete \u00e0 ressources<\/p>\n\n\n\n<p>\u2013 Priorit\u00e9 aux inscriptions aux soir\u00e9es partage d\u2019exp\u00e9rience sur l\u2019ief.<\/p>\n\n\n\n<p>&#8211; Nous vous rappelons que l&rsquo;association IEF des Savoie fait partie des membres fondateurs de l&rsquo;association  F\u00e9licia ( FEd\u00e9ration pour la Libert\u00e9 du Choix de l&rsquo;Instruction et des Apprentissages). Votre adh\u00e9sion \u00e0 l\u2019association Instruction En Famille des Savoie vous permet d\u2019adh\u00e9rer \u00e0 F\u00e9licia  en tant que \u201cmembre de structure adh\u00e9rente\u201d.<br>Pour cela, acc\u00e9dez \u00e0 l\u2019espace priv\u00e9 F\u00c9LICIA (une fois sur leur site, cliquez sur \u00ab\u00a0nous rejoindre\u00a0\u00bb) , il vous sera demand\u00e9 votre num\u00e9ro d\u2019adh\u00e9rent \u00e0 l\u2019association IEF des Savoie. Vous le trouverez dans le titre du PDF lorsque vous t\u00e9l\u00e9chargez votre carte d\u2019adh\u00e9sion \u00e0 IEF des Savoie.<\/p>\n\n\n\n<p><strong>Nous vous rappelons que l\u2019adh\u00e9sion est valable du 1er janvier au 31 d\u00e9cembre de l\u2019ann\u00e9e en cours. C\u2019est une adh\u00e9sion familiale qui s\u2019\u00e9l\u00e8ve \u00e0 10\u20ac.<\/strong><\/p>\n\n\n\n<p><strong><a href=\"https:\/\/www.helloasso.com\/associations\/ief-des-savoie\/adhesions\/adhesion-2024-2\" target=\"_blank\" rel=\"noreferrer noopener\">Libre \u00e0 vous d\u2019adh\u00e9rer et de soutenir l\u2019association IEF des Savoie.<\/a><\/strong><\/p>\n\n\n\n<p><strong>L\u2019association IEF des Savoie remercie d\u2019avance toutes les personnes qui souhaitent adh\u00e9rer. <\/strong><strong>En effet, votre adh\u00e9sion est un vrai soutien pour nous et une reconnaissance de nos actions. <\/strong><strong>C\u2019est aussi une reconnaissance pour toutes les personnes b\u00e9n\u00e9voles qui \u0153uvrent g\u00e9n\u00e9reusement dans cette association, sans qui, toutes ces actions ne pourraient voir le jour.\u00a0<\/strong><\/p>\n","protected":false},"excerpt":{"rendered":"<p>Au sein de l\u2019association IEF des Savoie nous avons besoin du soutien de chacun d\u2019entre vous. En effet, votre adh\u00e9sion nous est pr\u00e9cieuse pour le bon fonctionnement de l\u2019association qui a \u00e9t\u00e9 cr\u00e9e par et pour des parents en IEF, afin quelle soit un outil pour tout un chacun dans cette merveilleuse aventure qu\u2019est l\u2019IEF&#8230;.<\/p>\n","protected":false},"author":2,"featured_media":0,"parent":0,"menu_order":0,"comment_status":"closed","ping_status":"closed","template":"nosidebar.php","meta":{"footnotes":""},"class_list":["post-31","page","type-page","status-publish","hentry"],"jetpack_sharing_enabled":true,"_links":{"self":[{"href":"https:\/\/iefdessavoie.fr\/index.php\/wp-json\/wp\/v2\/pages\/31","targetHints":{"allow":["GET"]}}],"collection":[{"href":"https:\/\/iefdessavoie.fr\/index.php\/wp-json\/wp\/v2\/pages"}],"about":[{"href":"https:\/\/iefdessavoie.fr\/index.php\/wp-json\/wp\/v2\/types\/page"}],"author":[{"embeddable":true,"href":"https:\/\/iefdessavoie.fr\/index.php\/wp-json\/wp\/v2\/users\/2"}],"replies":[{"embeddable":true,"href":"https:\/\/iefdessavoie.fr\/index.php\/wp-json\/wp\/v2\/comments?post=31"}],"version-history":[{"count":0,"href":"https:\/\/iefdessavoie.fr\/index.php\/wp-json\/wp\/v2\/pages\/31\/revisions"}],"wp:attachment":[{"href":"https:\/\/iefdessavoie.fr\/index.php\/wp-json\/wp\/v2\/media?parent=31"}],"curies":[{"name":"wp","href":"https:\/\/api.w.org\/{rel}","templated":true}]}}